548
CDUS43 KEAX 190633
CLIIRK


CLIMATE REPORT
NATIONAL WEATHER SERVICE KANSAS CITY/PLEASANT HILL MO
133 AM CDT THU APR 19 2018


...................................

...THE KIRKSVILLE MO CLIMATE SUMMARY FOR APRIL 18 2018...

CLIMATE NORMAL PERIOD 1981 TO 2010
CLIMATE RECORD PERIOD 9999 TO 9999


WEATHER ITEM   OBSERVED TIME   NORMAL DEPARTURE LAST
                VALUE   (LST)  VALUE  FROM      YEAR
                                      NORMAL
......................................................
TEMPERATURE (F)
 YESTERDAY
  MAXIMUM         45   1213 AM  64    -19       77
  MINIMUM         32   1133 PM  42    -10       47
  AVERAGE         39            53    -14       62

PRECIPITATION (IN)
  YESTERDAY        0.00          0.16  -0.16     0.00
  MONTH TO DATE    0.65          1.89  -1.24     2.69
  SINCE MAR 1      3.47          4.44  -0.97     6.33
  SINCE JAN 1      7.58          7.24   0.34     8.19

DEGREE DAYS
 HEATING
  YESTERDAY       26            13     13        3
  MONTH TO DATE  464           276    188      153
  SINCE MAR 1   1256          1030    226      795
  SINCE JUL 1   5575          5563     12     4324

 COOLING
  YESTERDAY        0             0      0        0
  MONTH TO DATE    8             0      8       17
  SINCE MAR 1      8             0      8       17
  SINCE JAN 1      8             0      8       17
......................................................


WIND (MPH)
  HIGHEST WIND SPEED    25   HIGHEST WIND DIRECTION     E (90)
  HIGHEST GUST SPEED    37   HIGHEST GUST DIRECTION     E (100)
  AVERAGE WIND SPEED    14.8


SKY COVER
  AVERAGE SKY COVER 0.8


WEATHER CONDITIONS
 THE FOLLOWING WEATHER WAS RECORDED YESTERDAY.
  NO SIGNIFICANT WEATHER WAS OBSERVED.


RELATIVE HUMIDITY (PERCENT)
 HIGHEST    85           200 AM
 LOWEST     64           600 PM
 AVERAGE    75

..........................................................


THE KIRKSVILLE MO CLIMATE NORMALS FOR TODAY
                         NORMAL
 MAXIMUM TEMPERATURE (F)   64
 MINIMUM TEMPERATURE (F)   42


SUNRISE AND SUNSET
APRIL 19 2018.........SUNRISE   626 AM CDT   SUNSET   753 PM CDT
APRIL 20 2018.........SUNRISE   625 AM CDT   SUNSET   754 PM CDT


-  INDICATES NEGATIVE NUMBERS.
R  INDICATES RECORD WAS SET OR TIED.
MM INDICATES DATA IS MISSING.
T  INDICATES TRACE AMOUNT.




$$
