000
CDUS42 KJAX 210528
CLIJAX


CLIMATE REPORT
NATIONAL WEATHER SERVICE JACKSONVILLE FL
127 AM EDT SAT APR 21 2018


...................................

...THE JACKSONVILLE CLIMATE SUMMARY FOR APRIL 20 2018...

CLIMATE NORMAL PERIOD 1981 TO 2010
CLIMATE RECORD PERIOD 1871 TO 2018


WEATHER ITEM   OBSERVED TIME   RECORD YEAR NORMAL DEPARTURE LAST
                VALUE   (LST)  VALUE       VALUE  FROM      YEAR
                                                  NORMAL
..................................................................
TEMPERATURE (F)
 YESTERDAY
  MAXIMUM         68    132 PM  92    1995  80    -12       84
                                      1968
  MINIMUM         60    442 AM  40    1983  55      5       60
  AVERAGE         64                        68     -4       72

PRECIPITATION (IN)
  YESTERDAY        0.00          2.46 1893   0.09  -0.09     0.00
  MONTH TO DATE    2.10                      1.91   0.19     0.74
  SINCE MAR 1      4.24                      5.86  -1.62     1.81
  SINCE JAN 1      9.61                     12.35  -2.74     7.21

SNOWFALL (IN)
  YESTERDAY        0.0           0.0  2002   0.0    0.0      0.0
                                      2001
  MONTH TO DATE    0.0                       0.0    0.0      0.0
  SINCE MAR 1      T                         T      0.0      0.0
  SINCE JUL 1      T                         T      0.0      0.0
  SNOW DEPTH       0

DEGREE DAYS
 HEATING
  YESTERDAY        1                         1      0        0
  MONTH TO DATE   35                        46    -11       21
  SINCE MAR 1    237                       202     35      179
  SINCE JUL 1   1103                      1335   -232      782

 COOLING
  YESTERDAY        0                         4     -4        7
  MONTH TO DATE   60                        64     -4       87
  SINCE MAR 1    100                       118    -18      166
  SINCE JAN 1    215                       147     68      238
..................................................................


WIND (MPH)
  HIGHEST WIND SPEED    29   HIGHEST WIND DIRECTION    NE (40)
  HIGHEST GUST SPEED    36   HIGHEST GUST DIRECTION    NE (30)
  AVERAGE WIND SPEED    15.4


SKY COVER
  POSSIBLE SUNSHINE  MM
  AVERAGE SKY COVER 0.8


WEATHER CONDITIONS
 THE FOLLOWING WEATHER WAS RECORDED YESTERDAY.
  NO SIGNIFICANT WEATHER WAS OBSERVED.


RELATIVE HUMIDITY (PERCENT)
 HIGHEST    87           100 AM
 LOWEST     52           400 AM
 AVERAGE    70

..........................................................


THE JACKSONVILLE CLIMATE NORMALS FOR TODAY
                         NORMAL    RECORD    YEAR
 MAXIMUM TEMPERATURE (F)   80        95      1968
 MINIMUM TEMPERATURE (F)   56        38      1983


SUNRISE AND SUNSET
APRIL 21 2018.........SUNRISE   653 AM EDT   SUNSET   758 PM EDT
APRIL 22 2018.........SUNRISE   652 AM EDT   SUNSET   759 PM EDT


-  INDICATES NEGATIVE NUMBERS.
R  INDICATES RECORD WAS SET OR TIED.
MM INDICATES DATA IS MISSING.
T  INDICATES TRACE AMOUNT.




$$
