000
CDUS45 KBOI 200933
CLIJER


CLIMATE REPORT
NATIONAL WEATHER SERVICE BOISE ID
333 AM MDT FRI APR 20 2018


...................................

...THE JEROME ID CLIMATE SUMMARY FOR APRIL 19 2018...

CLIMATE NORMAL PERIOD 1981 TO 2010
CLIMATE RECORD PERIOD 1915 TO 2018


WEATHER ITEM   OBSERVED TIME   RECORD YEAR NORMAL DEPARTURE LAST
                VALUE   (LST)  VALUE       VALUE  FROM      YEAR
                                                  NORMAL
..................................................................
TEMPERATURE (F)
 YESTERDAY
  MAXIMUM         60    541 PM  89    1962  59      1       59
  MINIMUM         43   1159 PM  23    1982  36      7       35
  AVERAGE         52                        47      5       47

PRECIPITATION (IN)
  YESTERDAY        0.00          0.75 1929   0.05  -0.05      T
  MONTH TO DATE    0.57                      0.83  -0.26     0.74
  SINCE OCT 1      5.83                      7.37  -1.54     9.28
  SINCE JAN 1      3.28                      3.85  -0.57     4.76

DEGREE DAYS
 HEATING
  YESTERDAY       13                        18     -5       18
  MONTH TO DATE  342                       369    -27      370
  SINCE MAR 1   1109                      1138    -29      996
  SINCE JUL 1   5530                      6025   -495     5419

 COOLING
  YESTERDAY        0                         0      0        0
  MONTH TO DATE    0                         0      0        0
  SINCE MAR 1      0                         0      0        0
  SINCE JAN 1      0                         0      0        0
..................................................................


WIND (MPH)
  HIGHEST WIND SPEED    24   HIGHEST WIND DIRECTION    NE (50)
  HIGHEST GUST SPEED    29   HIGHEST GUST DIRECTION    NE (50)
  AVERAGE WIND SPEED    15.1


SKY COVER
  AVERAGE SKY COVER 0.5


WEATHER CONDITIONS
 THE FOLLOWING WEATHER WAS RECORDED YESTERDAY.
  NO SIGNIFICANT WEATHER WAS OBSERVED.


RELATIVE HUMIDITY (PERCENT)
 HIGHEST    65          1100 PM
 LOWEST     24          1000 AM
 AVERAGE    45

..........................................................


THE JEROME ID CLIMATE NORMALS FOR TODAY
                         NORMAL    RECORD    YEAR
 MAXIMUM TEMPERATURE (F)   59        89      1962
 MINIMUM TEMPERATURE (F)   36        20      1966
                                             1927


SUNRISE AND SUNSET
APRIL 20 2018.........SUNRISE   648 AM MDT   SUNSET   826 PM MDT
APRIL 21 2018.........SUNRISE   647 AM MDT   SUNSET   827 PM MDT


-  INDICATES NEGATIVE NUMBERS.
R  INDICATES RECORD WAS SET OR TIED.
MM INDICATES DATA IS MISSING.
T  INDICATES TRACE AMOUNT.




$$
