000
CDUS43 KJKL 270552
CLIJKL

CLIMATE REPORT
NATIONAL WEATHER SERVICE JACKSON KY
152 AM EDT SUN MAY 27 2018
...................................

...THE JACKSON KY CLIMATE SUMMARY FOR MAY 26 2018...

CLIMATE NORMAL PERIOD 1981 TO 2010
CLIMATE RECORD PERIOD 1981 TO 2018

WEATHER ITEM   OBSERVED TIME   RECORD YEAR NORMAL DEPARTURE LAST
                VALUE   (LST)  VALUE       VALUE  FROM      YEAR
                                                  NORMAL
..................................................................
TEMPERATURE (F)
 YESTERDAY
  MAXIMUM         82    135 PM  89    2012  77      5       77
                                      1991
  MINIMUM         68    535 AM  44    1988  57     11       54
  AVERAGE         75                        67      8       66

PRECIPITATION (IN)
  YESTERDAY        0.11          1.46 1997   0.17  -0.06     0.00
  MONTH TO DATE    5.20                      4.32   0.88     5.82
  SINCE MAR 1     16.29                     12.27   4.02    14.26
  SINCE JAN 1     26.21                     19.63   6.58    21.83

SNOWFALL (IN)
  YESTERDAY        0.0                       0.0    0.0      0.0
  MONTH TO DATE    0.0                       0.0    0.0      0.0
  SINCE MAR 1     12.1                       3.9    8.2      0.2
  SINCE JUL 1     22.5                      23.5   -1.0      4.8
  SNOW DEPTH       0

DEGREE DAYS
 HEATING
  YESTERDAY        0                         2     -2        0
  MONTH TO DATE    3                        92    -89       88
  SINCE MAR 1   1038                       913    125      717
  SINCE JUL 1   4140                      4213    -73     3209

 COOLING
  YESTERDAY       10                         4      6        1
  MONTH TO DATE  196                        71    125       74
  SINCE MAR 1    209                       117     92      170
  SINCE JAN 1    221                       117    104      172
..................................................................

WIND (MPH)
  HIGHEST WIND SPEED     7   HIGHEST WIND DIRECTION    SW (210)
  HIGHEST GUST SPEED    15   HIGHEST GUST DIRECTION     S (190)
  AVERAGE WIND SPEED     0.9

SKY COVER
  POSSIBLE SUNSHINE  MM
  AVERAGE SKY COVER 0.3

WEATHER CONDITIONS
 THE FOLLOWING WEATHER WAS RECORDED YESTERDAY.
  LIGHT RAIN
  FOG
  HAZE

RELATIVE HUMIDITY (PERCENT)
 HIGHEST    93           400 PM
 LOWEST     67          1200 PM
 AVERAGE    80
..........................................................

THE JACKSON KY CLIMATE NORMALS FOR TODAY
                         NORMAL    RECORD    YEAR
 MAXIMUM TEMPERATURE (F)   77        90      2012
 MINIMUM TEMPERATURE (F)   57        43      1983

SUNRISE AND SUNSET
MAY 27 2018...........SUNRISE   616 AM EDT   SUNSET   846 PM EDT
MAY 28 2018...........SUNRISE   615 AM EDT   SUNSET   846 PM EDT

-  INDICATES NEGATIVE NUMBERS.
R  INDICATES RECORD WAS SET OR TIED.
MM INDICATES DATA IS MISSING.
T  INDICATES TRACE AMOUNT.

$$
