901
CDUS41 KCTP 262135
CLIJST


CLIMATE REPORT
NATIONAL WEATHER SERVICE STATE COLLEGE PA
535 PM EDT SAT MAY 26 2018


...................................

...THE JOHNSTOWN CLIMATE SUMMARY FOR MAY 26 2018...
VALID TODAY AS OF 0500 PM LOCAL TIME.

CLIMATE NORMAL PERIOD 1981 TO 2010
CLIMATE RECORD PERIOD 1892 TO 2018


WEATHER ITEM   OBSERVED TIME   RECORD YEAR NORMAL DEPARTURE LAST
                VALUE   (LST)  VALUE       VALUE  FROM      YEAR
                                                  NORMAL
..................................................................
TEMPERATURE (F)
 TODAY
  MAXIMUM         82    347 PM  94    1914  68     14       59
  MINIMUM         63    449 AM  33    1917  50     13       53
  AVERAGE         73                        59     14       56

PRECIPITATION (IN)
  TODAY            0.06          2.37 1950   0.16  -0.10     0.19
  MONTH TO DATE    4.62                      3.74   0.88     5.32
  SINCE MAR 1     11.55                     10.62   0.93    13.00
  SINCE JAN 1     21.50                     15.85   5.65    18.66

DEGREE DAYS
 HEATING
  TODAY            0                         7     -7        9
  MONTH TO DATE   60                       247   -187      282
  SINCE MAR 1   1799                      1698    101     1530
  SINCE JUL 1   6234                      6581   -347     5450

 COOLING
  TODAY            8                         1      7        0
  MONTH TO DATE   51                        13     38       26
  SINCE MAR 1     63                        18     45       29
  SINCE JAN 1     63                        18     45       29
..................................................................


WIND (MPH)
  HIGHEST WIND SPEED    15   HIGHEST WIND DIRECTION     W (290)
  HIGHEST GUST SPEED    21   HIGHEST GUST DIRECTION    SW (220)
  AVERAGE WIND SPEED     7.2


SKY COVER
  POSSIBLE SUNSHINE  MM
  AVERAGE SKY COVER 0.3


WEATHER CONDITIONS
 THE FOLLOWING WEATHER WAS RECORDED TODAY.
  THUNDERSTORM
  LIGHT RAIN
  FOG
  HAZE


RELATIVE HUMIDITY (PERCENT)
 HIGHEST    93           600 AM
 LOWEST     45           200 PM
 AVERAGE    69

..........................................................


THE JOHNSTOWN CLIMATE NORMALS FOR TOMORROW
                         NORMAL    RECORD    YEAR
 MAXIMUM TEMPERATURE (F)   69        91      1918
 MINIMUM TEMPERATURE (F)   51        32      1915


SUNRISE AND SUNSET
MAY 26 2018...........SUNRISE   551 AM EDT   SUNSET   834 PM EDT
MAY 27 2018...........SUNRISE   550 AM EDT   SUNSET   835 PM EDT


-  INDICATES NEGATIVE NUMBERS.
R  INDICATES RECORD WAS SET OR TIED.
MM INDICATES DATA IS MISSING.
T  INDICATES TRACE AMOUNT.




$$
