000
CDUS46 KLOX 220116
CLILAX


CLIMATE REPORT
NATIONAL WEATHER SERVICE LOS ANGELES/OXNARD CA
616 PM PDT SAT APR 21 2018


...................................

...THE LOS ANGELES AIRPORT CLIMATE SUMMARY FOR APRIL 21 2018...
VALID TODAY AS OF 0600 PM LOCAL TIME.

CLIMATE NORMAL PERIOD 1981 TO 2010
CLIMATE RECORD PERIOD 1944 TO 2018


WEATHER ITEM   OBSERVED TIME   RECORD YEAR NORMAL DEPARTURE LAST
                VALUE   (LST)  VALUE       VALUE  FROM      YEAR
                                                  NORMAL
..................................................................
TEMPERATURE (F)
 TODAY
  MAXIMUM         76    949 AM  90    2009  67      9       83
  MINIMUM         53    601 AM  44    1963  54     -1       56
  AVERAGE         65                        61      4       70

PRECIPITATION (IN)
  TODAY            0.00          0.90 1955   0.02  -0.02     0.00
  MONTH TO DATE    0.05                      0.55  -0.50     0.38
  SINCE OCT 1      3.73                     12.08  -8.35    16.19
  SINCE JAN 1      3.62                      8.36  -4.74    11.94

SNOWFALL (IN)
  TODAY            0.0
  MONTH TO DATE    0.0
  SINCE MAR 1      0.0
  SINCE JUL 1      0.0

DEGREE DAYS
 HEATING
  TODAY            0                         5     -5        0
  MONTH TO DATE   66                       118    -52       64
  SINCE MAR 1    255                       339    -84      176
  SINCE JUL 1    704                      1268   -564      949

 COOLING
  TODAY            0                         0      0        5
  MONTH TO DATE   19                         0     19        7
  SINCE MAR 1     19                         6     13        9
  SINCE JAN 1     50                        15     35        9
..................................................................


WIND (MPH)
  HIGHEST WIND SPEED    18   HIGHEST WIND DIRECTION     W (250)
  HIGHEST GUST SPEED    21   HIGHEST GUST DIRECTION     W (260)
  AVERAGE WIND SPEED     7.9


SKY COVER
  POSSIBLE SUNSHINE  MM
  AVERAGE SKY COVER 0.4


WEATHER CONDITIONS
 THE FOLLOWING WEATHER WAS RECORDED TODAY.
  FOG
  FOG W/VISIBILITY <= 1/4 MILE


RELATIVE HUMIDITY (PERCENT)
 HIGHEST   100           500 AM
 LOWEST     36          1000 AM
 AVERAGE    68

..........................................................


THE LOS ANGELES AIRPORT CLIMATE NORMALS FOR TOMORROW
                         NORMAL    RECORD    YEAR
 MAXIMUM TEMPERATURE (F)   67        90      1987
 MINIMUM TEMPERATURE (F)   55        45      1971
                                             1963


SUNRISE AND SUNSET
APRIL 21 2018.........SUNRISE   615 AM PDT   SUNSET   730 PM PDT
APRIL 22 2018.........SUNRISE   614 AM PDT   SUNSET   730 PM PDT


-  INDICATES NEGATIVE NUMBERS.
R  INDICATES RECORD WAS SET OR TIED.
MM INDICATES DATA IS MISSING.
T  INDICATES TRACE AMOUNT.




$$
