000
CDUS44 KLUB 200627
CLILBB


CLIMATE REPORT
NATIONAL WEATHER SERVICE LUBBOCK, TX
126 AM CDT FRI APR 20 2018


...................................

...THE LUBBOCK CLIMATE SUMMARY FOR APRIL 19 2018...

CLIMATE NORMAL PERIOD 1981 TO 2010
CLIMATE RECORD PERIOD 1911 TO 2018


WEATHER ITEM   OBSERVED TIME   RECORD YEAR NORMAL DEPARTURE LAST
                VALUE   (LST)  VALUE       VALUE  FROM      YEAR
                                                  NORMAL
..................................................................
TEMPERATURE (F)
 YESTERDAY
  MAXIMUM         72    433 PM  92    2001  76     -4       91
                                      1987
                                      1961
  MINIMUM         42    408 AM  25    2013  47     -5       60
  AVERAGE         57                        62     -5       76

PRECIPITATION (IN)
  YESTERDAY        0.00          0.44 2016   0.05  -0.05     0.00
  MONTH TO DATE    T                         0.81  -0.81     0.81
  SINCE MAR 1      0.87                      1.91  -1.04     1.48
  SINCE JAN 1      1.07                      3.31  -2.24     4.40

SNOWFALL (IN)
  YESTERDAY        0.0           0.0  2002   0.0    0.0      0.0
  MONTH TO DATE    0.0                       0.2   -0.2      0.0
  SINCE MAR 1      0.0                       0.8   -0.8      0.0
  SINCE JUL 1      0.3                       8.2   -7.9      0.2
  SNOW DEPTH       0

DEGREE DAYS
 HEATING
  YESTERDAY        8                         5      3        0
  MONTH TO DATE  153                       139     14       81
  SINCE MAR 1    438                       554   -116      301
  SINCE JUL 1   2959                      3293   -334     2385

 COOLING
  YESTERDAY        0                         2     -2       11
  MONTH TO DATE   35                        23     12       53
  SINCE MAR 1     62                        30     32       99
  SINCE JAN 1     65                        30     35      103
..................................................................


WIND (MPH)
  RESULTANT WIND SPEED  16   RESULTANT WIND DIRECTION  SE (120)
  HIGHEST WIND SPEED    29   HIGHEST WIND DIRECTION    SE (140)
  HIGHEST GUST SPEED    36   HIGHEST GUST DIRECTION    SE (120)
  AVERAGE WIND SPEED    17.0


SKY COVER
  AVERAGE SKY COVER 0.4


WEATHER CONDITIONS
 THE FOLLOWING WEATHER WAS RECORDED YESTERDAY.
  NO SIGNIFICANT WEATHER WAS OBSERVED.


RELATIVE HUMIDITY (PERCENT)
 HIGHEST    41           700 AM
 LOWEST     14           400 PM
 AVERAGE    28

..........................................................


THE LUBBOCK CLIMATE NORMALS FOR TODAY
                         NORMAL    RECORD    YEAR
 MAXIMUM TEMPERATURE (F)   77        93      1925
 MINIMUM TEMPERATURE (F)   47        30      1933


SUNRISE AND SUNSET
APRIL 20 2018.........SUNRISE   711 AM CDT   SUNSET   822 PM CDT
APRIL 21 2018.........SUNRISE   710 AM CDT   SUNSET   823 PM CDT


-  INDICATES NEGATIVE NUMBERS.
R  INDICATES RECORD WAS SET OR TIED.
MM INDICATES DATA IS MISSING.
T  INDICATES TRACE AMOUNT.




$$
