000
CDUS43 KLBF 260927
CLILBF


CLIMATE REPORT
NATIONAL WEATHER SERVICE NORTH PLATTE
426 AM CDT THU APR 26 2018


...................................

...THE NORTH PLATTE NE CLIMATE SUMMARY FOR APRIL 25 2018...

CLIMATE NORMAL PERIOD 1981 TO 2010
CLIMATE RECORD PERIOD 1874 TO 2018


WEATHER ITEM   OBSERVED TIME   RECORD YEAR NORMAL DEPARTURE LAST
                VALUE   (LST)  VALUE       VALUE  FROM      YEAR
                                                  NORMAL
..................................................................
TEMPERATURE (F)
 YESTERDAY
  MAXIMUM         63    520 PM  89    1962  65     -2       51
                                      1949
  MINIMUM         37    658 AM  18    2002  36      1       35
  AVERAGE         50                        51     -1       43

PRECIPITATION (IN)
  YESTERDAY        T             1.06 1915   0.09  -0.09     0.66
  MONTH TO DATE    1.46                      1.82  -0.36     0.97
  SINCE MAR 1      2.17                      2.87  -0.70     2.79
  SINCE JAN 1      4.07                      3.71   0.36     3.98

SNOWFALL (IN)
  YESTERDAY        0.0           0.2  1907   0.0    0.0      0.0
  MONTH TO DATE    9.5                       3.0    6.5      0.0
  SINCE MAR 1     12.6                       7.4    5.2       T
  SINCE JUL 1     49.1                      28.3   20.8     20.3
  SNOW DEPTH       0

DEGREE DAYS
 HEATING
  YESTERDAY       15                        14      1       22
  MONTH TO DATE  612                       458    154      306
  SINCE MAR 1   1395                      1295    100      957
  SINCE JUL 1   6421                      6323     98     5279

 COOLING
  YESTERDAY        0                         0      0        0
  MONTH TO DATE    0                         0      0        2
  SINCE MAR 1      0                         0      0        2
  SINCE JAN 1      0                         0      0        2
..................................................................


WIND (MPH)
  HIGHEST WIND SPEED    15   HIGHEST WIND DIRECTION    NW (310)
  HIGHEST GUST SPEED    26   HIGHEST GUST DIRECTION     N (340)
  AVERAGE WIND SPEED     7.5


SKY COVER
  POSSIBLE SUNSHINE  MM
  AVERAGE SKY COVER 0.3


WEATHER CONDITIONS
 THE FOLLOWING WEATHER WAS RECORDED YESTERDAY.
  LIGHT RAIN
  HAZE


RELATIVE HUMIDITY (PERCENT)
 HIGHEST    85           100 AM
 LOWEST     27           400 PM
 AVERAGE    56

..........................................................


THE NORTH PLATTE NE CLIMATE NORMALS FOR TODAY
                         NORMAL    RECORD    YEAR
 MAXIMUM TEMPERATURE (F)   66        90      1981
 MINIMUM TEMPERATURE (F)   37        23      2006


SUNRISE AND SUNSET
APRIL 26 2018.........SUNRISE   647 AM CDT   SUNSET   835 PM CDT
APRIL 27 2018.........SUNRISE   646 AM CDT   SUNSET   836 PM CDT


-  INDICATES NEGATIVE NUMBERS.
R  INDICATES RECORD WAS SET OR TIED.
MM INDICATES DATA IS MISSING.
T  INDICATES TRACE AMOUNT.




$$
