000
CDUS42 KILM 200847
CLILBT


CLIMATE REPORT
NATIONAL WEATHER SERVICE WILMINGTON NC
446 AM EDT SUN MAY 20 2018


...................................

...THE LUMBERTON NORTH CAROLINA CLIMATE SUMMARY FOR MAY 19 2018...

CLIMATE NORMAL PERIOD 1981 TO 2010
CLIMATE RECORD PERIOD 1903 TO 2018


WEATHER ITEM   OBSERVED TIME   RECORD YEAR NORMAL DEPARTURE LAST
                VALUE   (LST)  VALUE       VALUE  FROM      YEAR
                                                  NORMAL
..................................................................
TEMPERATURE (F)
 YESTERDAY
  MAXIMUM         76    322 PM  98    1911  83     -7       88
  MINIMUM         69   1159 PM  42    1984  59     10       64
                                      1976
                                      1973
  AVERAGE         73                        71      2       76

PRECIPITATION (IN)
  YESTERDAY        0.20          2.97 1974   0.10   0.10     0.00
  MONTH TO DATE    0.64                      1.63  -0.99     1.76
  SINCE MAR 1      6.46                      7.78  -1.32    11.73
  SINCE JAN 1      9.47                     13.65  -4.18    15.22

DEGREE DAYS
 HEATING
  YESTERDAY        0                         1     -1        0
  MONTH TO DATE    2                        29    -27       14
  SINCE MAR 1    657                       528    129      432
  SINCE JUL 1   2745                      2758    -13     2079

 COOLING
  YESTERDAY        8                         6      2       11
  MONTH TO DATE  157                        86     71      108
  SINCE MAR 1    191                       151     40      257
  SINCE JAN 1    236                       154     82      267
..................................................................


WIND (MPH)
  RESULTANT WIND SPEED   6   RESULTANT WIND DIRECTION   S (160)
  HIGHEST WIND SPEED    15   HIGHEST WIND DIRECTION     S (170)
  HIGHEST GUST SPEED    20   HIGHEST GUST DIRECTION     S (160)
  AVERAGE WIND SPEED     6.2


SKY COVER
  POSSIBLE SUNSHINE  MM
  AVERAGE SKY COVER 0.7


WEATHER CONDITIONS
 THE FOLLOWING WEATHER WAS RECORDED YESTERDAY.
  RAIN
  LIGHT RAIN
  FOG


RELATIVE HUMIDITY (PERCENT)
 HIGHEST    97          1000 PM
 LOWEST     82           400 PM
 AVERAGE    90

..........................................................


THE LUMBERTON NORTH CAROLINA CLIMATE NORMALS FOR TODAY
                         NORMAL    RECORD    YEAR
 MAXIMUM TEMPERATURE (F)   83        98      2000
                                             1927
                                             1906
 MINIMUM TEMPERATURE (F)   59        42      2002


SUNRISE AND SUNSET
MAY 20 2018...........SUNRISE   610 AM EDT   SUNSET   816 PM EDT
MAY 21 2018...........SUNRISE   610 AM EDT   SUNSET   817 PM EDT


-  INDICATES NEGATIVE NUMBERS.
R  INDICATES RECORD WAS SET OR TIED.
MM INDICATES DATA IS MISSING.
T  INDICATES TRACE AMOUNT.




$$
