000
CDUS44 KLCH 220807
CLILCH


CLIMATE REPORT
NATIONAL WEATHER SERVICE LAKE CHARLES, LA
307 AM CDT SUN APR 22 2018


...................................

...THE LAKE CHARLES CLIMATE SUMMARY FOR APRIL 21 2018...

CLIMATE NORMAL PERIOD 1981 TO 2010
CLIMATE RECORD PERIOD 1895 TO 2018


WEATHER ITEM   OBSERVED TIME   RECORD YEAR NORMAL DEPARTURE LAST
                VALUE   (LST)  VALUE       VALUE  FROM      YEAR
                                                  NORMAL
..................................................................
TEMPERATURE (F)
 YESTERDAY
  MAXIMUM         78    229 PM  91    1987  79     -1       83
  MINIMUM         59    601 AM  41    1910  60     -1       66
  AVERAGE         69                        69      0       75

PRECIPITATION (IN)
  YESTERDAY        0.14          3.23 1975   0.11   0.03     0.00
  MONTH TO DATE    2.30                      2.28   0.02     2.51
  SINCE MAR 1      4.73                      5.94  -1.21     6.62
  SINCE JAN 1     17.32                     14.63   2.69    13.57

SNOWFALL (IN)
  YESTERDAY        0.0           0.0    MM   0.0    0.0      0.0
  MONTH TO DATE    0.0                       0.0    0.0      0.0
  SINCE MAR 1      0.0                       0.0    0.0      0.0
  SINCE JUL 1      2.2                       0.1    2.1       T
  SNOW DEPTH       0

DEGREE DAYS
 HEATING
  YESTERDAY        0                         1     -1        0
  MONTH TO DATE   57                        40     17        3
  SINCE MAR 1    143                       202    -59       80
  SINCE JUL 1   1299                      1484   -185      738

 COOLING
  YESTERDAY        4                         5     -1       10
  MONTH TO DATE   54                        82    -28      126
  SINCE MAR 1    157                       131     26      234
  SINCE JAN 1    259                       154    105      365
..................................................................


WIND (MPH)
  HIGHEST WIND SPEED    22   HIGHEST WIND DIRECTION    SE (140)
  HIGHEST GUST SPEED    30   HIGHEST GUST DIRECTION    SE (150)
  AVERAGE WIND SPEED    11.1


SKY COVER
  POSSIBLE SUNSHINE  MM
  AVERAGE SKY COVER 0.6


WEATHER CONDITIONS
 THE FOLLOWING WEATHER WAS RECORDED YESTERDAY.
  THUNDERSTORM
  HEAVY RAIN
  RAIN
  LIGHT RAIN
  FOG


RELATIVE HUMIDITY (PERCENT)
 HIGHEST    84           800 PM
 LOWEST     64           100 PM
 AVERAGE    74

..........................................................


THE LAKE CHARLES CLIMATE NORMALS FOR TODAY
                         NORMAL    RECORD    YEAR
 MAXIMUM TEMPERATURE (F)   79        90      1911
 MINIMUM TEMPERATURE (F)   60        42      1931


SUNRISE AND SUNSET
APRIL 22 2018.........SUNRISE   638 AM CDT   SUNSET   745 PM CDT
APRIL 23 2018.........SUNRISE   637 AM CDT   SUNSET   745 PM CDT


-  INDICATES NEGATIVE NUMBERS.
R  INDICATES RECORD WAS SET OR TIED.
MM INDICATES DATA IS MISSING.
T  INDICATES TRACE AMOUNT.




$$
