000
CDUS44 KLCH 231245
CLILFT


CLIMATE REPORT
NATIONAL WEATHER SERVICE LAKE CHARLES, LA
745 AM CDT MON APR 23 2018


...................................

...THE LAFAYETTE CLIMATE SUMMARY FOR APRIL 22 2018...

CLIMATE NORMAL PERIOD 1981 TO 2010
CLIMATE RECORD PERIOD 1893 TO 2018


WEATHER ITEM   OBSERVED TIME   RECORD YEAR NORMAL DEPARTURE LAST
                VALUE   (LST)  VALUE       VALUE  FROM      YEAR
                                                  NORMAL
..................................................................
TEMPERATURE (F)
 YESTERDAY
  MAXIMUM         79    206 PM  92    1925  81     -2       90
  MINIMUM         56   1157 PM  40    1931  60     -4       65
  AVERAGE         68                        71     -3       78

PRECIPITATION (IN)
  YESTERDAY        T             2.71 1979   0.13  -0.13    MM
  MONTH TO DATE    0.51                      2.82  -2.31     4.85
  SINCE MAR 1      3.11                      6.61  -3.50     6.63
  SINCE JAN 1      9.84                     16.73  -6.89    10.15

SNOWFALL (IN)
  YESTERDAY        0.0           0.0  2002   0.0    0.0      0.0
                                      2001
  MONTH TO DATE    0.0                       0.0    0.0      0.0
  SINCE MAR 1      0.0                       0.0    0.0      0.0
  SINCE JUL 1      2.0                       T      2.0      0.0
  SNOW DEPTH       0

DEGREE DAYS
 HEATING
  YESTERDAY        0                         1     -1        0
  MONTH TO DATE   66                        37     29        0
  SINCE MAR 1    179                       187     -8       60
  SINCE JUL 1   1369                      1417    -48      637

 COOLING
  YESTERDAY        3                         6     -3       13
  MONTH TO DATE   42                       102    -60      210
  SINCE MAR 1    132                       165    -33      369
  SINCE JAN 1    252                       197     55      553
..................................................................


WIND (MPH)
  HIGHEST WIND SPEED    22   HIGHEST WIND DIRECTION    NW (330)
  HIGHEST GUST SPEED    28   HIGHEST GUST DIRECTION     W (290)
  AVERAGE WIND SPEED     9.6


SKY COVER
  POSSIBLE SUNSHINE  MM
  AVERAGE SKY COVER 0.7


WEATHER CONDITIONS
 THE FOLLOWING WEATHER WAS RECORDED YESTERDAY.
  THUNDERSTORM
  HEAVY RAIN
  RAIN
  LIGHT RAIN
  FOG


RELATIVE HUMIDITY (PERCENT)
 HIGHEST   100           300 AM
 LOWEST     54           200 PM
 AVERAGE    77

..........................................................


THE LAFAYETTE CLIMATE NORMALS FOR TODAY
                         NORMAL    RECORD    YEAR
 MAXIMUM TEMPERATURE (F)   81        90      2006
                                             1925
 MINIMUM TEMPERATURE (F)   61        41      1927


SUNRISE AND SUNSET
APRIL 23 2018.........SUNRISE   632 AM CDT   SUNSET   741 PM CDT
APRIL 24 2018.........SUNRISE   631 AM CDT   SUNSET   741 PM CDT


-  INDICATES NEGATIVE NUMBERS.
R  INDICATES RECORD WAS SET OR TIED.
MM INDICATES DATA IS MISSING.
T  INDICATES TRACE AMOUNT.




$$
