000
CDUS41 KOKX 242101
CLILGA


CLIMATE REPORT
NATIONAL WEATHER SERVICE NEW YORK NY
501 PM EDT TUE APR 24 2018


...................................

...THE LAGUARDIA NY CLIMATE SUMMARY FOR APRIL 24 2018...
VALID TODAY AS OF 0500 PM LOCAL TIME.

CLIMATE NORMAL PERIOD 1981 TO 2010
CLIMATE RECORD PERIOD 1939 TO 2018


WEATHER ITEM   OBSERVED TIME   RECORD YEAR NORMAL DEPARTURE LAST
                VALUE   (LST)  VALUE       VALUE  FROM      YEAR
                                                  NORMAL
..................................................................
TEMPERATURE (F)
 TODAY
  MAXIMUM         66   1247 PM  87    2001  64      2       59
  MINIMUM         46    555 AM  36    1971  47     -1       48
                                      1967
  AVERAGE         56                        56      0       54

PRECIPITATION (IN)
  TODAY            0.00          2.06 1968   0.13  -0.13      T
  MONTH TO DATE    4.04                      3.26   0.78     3.10
  SINCE MAR 1      8.12                      7.23   0.89     7.79
  SINCE JAN 1     16.18                     13.16   3.02    13.79

SNOWFALL (IN)
  TODAY            0.0           T    1971   0.0    0.0      0.0
  MONTH TO DATE    5.5                       0.5    5.0      0.0
  SINCE OCT 1     38.4                      26.9   11.5     33.2
  SINCE JUL 1     38.4                      26.9   11.5     33.2
  SNOW DEPTH       0

DEGREE DAYS
 HEATING
  TODAY            9                        10     -1       11
  MONTH TO DATE  408                       326     82      222
  SINCE MAR 1   1152                      1033    119      957
  SINCE JUL 1   4285                      4462   -177     3644

 COOLING
  TODAY            0                         0      0        0
  MONTH TO DATE    6                         0      6       14
  SINCE MAR 1      6                         0      6       14
  SINCE JAN 1      6                         0      6       14
..................................................................


WIND (MPH)
  HIGHEST WIND SPEED    23   HIGHEST WIND DIRECTION     S (160)
  HIGHEST GUST SPEED    27   HIGHEST GUST DIRECTION     S (160)
  AVERAGE WIND SPEED     9.4


SKY COVER
  AVERAGE SKY COVER 0.6


WEATHER CONDITIONS
 THE FOLLOWING WEATHER WAS RECORDED TODAY.
  NO SIGNIFICANT WEATHER WAS OBSERVED.


RELATIVE HUMIDITY (PERCENT)
 HIGHEST    86           400 AM
 LOWEST     31          1200 PM
 AVERAGE    59

..........................................................


THE LAGUARDIA NY CLIMATE NORMALS FOR TOMORROW
                         NORMAL    RECORD    YEAR
 MAXIMUM TEMPERATURE (F)   64        88      2009
                                             1960
 MINIMUM TEMPERATURE (F)   48        36      1971


SUNRISE AND SUNSET
APRIL 24 2018.........SUNRISE   604 AM EDT   SUNSET   745 PM EDT
APRIL 25 2018.........SUNRISE   602 AM EDT   SUNSET   746 PM EDT


-  INDICATES NEGATIVE NUMBERS.
R  INDICATES RECORD WAS SET OR TIED.
MM INDICATES DATA IS MISSING.
T  INDICATES TRACE AMOUNT.




$$
