673
CDUS46 KLOX 200905
CLILGB


CLIMATE REPORT
NATIONAL WEATHER SERVICE LOS ANGELES/OXNARD CA
205 AM PDT FRI APR 20 2018


...................................

...THE LONG BEACH AIRPORT CA CLIMATE SUMMARY FOR APRIL 19 2018...

CLIMATE NORMAL PERIOD 1981 TO 2010
CLIMATE RECORD PERIOD 1958 TO 2018


WEATHER ITEM   OBSERVED TIME   RECORD YEAR NORMAL DEPARTURE LAST
                VALUE   (LST)  VALUE       VALUE  FROM      YEAR
                                                  NORMAL
..................................................................
TEMPERATURE (F)
 YESTERDAY
  MAXIMUM         67    234 PM  97    2009  72     -5       74
  MINIMUM         53    723 AM  40    1967  54     -1       59
  AVERAGE         60                        63     -3       67

PRECIPITATION (IN)
  YESTERDAY        0.04          0.26 1988   0.01   0.03     0.00
  MONTH TO DATE    0.04                      0.44  -0.40     0.18
  SINCE OCT 1      3.52                     11.58  -8.06    19.58
  SINCE JAN 1      3.45                      8.00  -4.55    14.38

SNOWFALL (IN)
  YESTERDAY        0.0
  MONTH TO DATE    0.0
  SINCE MAR 1      0.0
  SINCE JUL 1      0.0

DEGREE DAYS
 HEATING
  YESTERDAY        5                         3      2        0
  MONTH TO DATE   25                        76    -51       29
  SINCE MAR 1    152                       255   -103       99
  SINCE JUL 1    576                      1146   -570      877

 COOLING
  YESTERDAY        0                         1     -1        2
  MONTH TO DATE   33                        19     14       12
  SINCE MAR 1     34                        29      5       38
  SINCE JAN 1     74                        37     37       39
..................................................................


WIND (MPH)
  HIGHEST WIND SPEED    20   HIGHEST WIND DIRECTION     W (290)
  HIGHEST GUST SPEED    24   HIGHEST GUST DIRECTION     W (290)
  AVERAGE WIND SPEED     6.7


SKY COVER
  POSSIBLE SUNSHINE  MM
  AVERAGE SKY COVER 0.3


WEATHER CONDITIONS
 THE FOLLOWING WEATHER WAS RECORDED YESTERDAY.
  LIGHT RAIN


RELATIVE HUMIDITY (PERCENT)
 HIGHEST    86          1100 PM
 LOWEST     37           300 PM
 AVERAGE    62

..........................................................


THE LONG BEACH AIRPORT CA CLIMATE NORMALS FOR TODAY
                         NORMAL    RECORD    YEAR
 MAXIMUM TEMPERATURE (F)   72       100      2009
 MINIMUM TEMPERATURE (F)   54        41      1967


SUNRISE AND SUNSET
APRIL 20 2018.........SUNRISE   616 AM PDT   SUNSET   728 PM PDT
APRIL 21 2018.........SUNRISE   615 AM PDT   SUNSET   728 PM PDT


-  INDICATES NEGATIVE NUMBERS.
R  INDICATES RECORD WAS SET OR TIED.
MM INDICATES DATA IS MISSING.
T  INDICATES TRACE AMOUNT.




$$
