000
CDUS45 KRIW 220733
CLILND


CLIMATE REPORT
NATIONAL WEATHER SERVICE RIVERTON WY
132 AM MDT SUN APR 22 2018


...................................

...THE LANDER WY CLIMATE SUMMARY FOR APRIL 21 2018...

CLIMATE NORMAL PERIOD 1981 TO 2010
CLIMATE RECORD PERIOD 1891 TO 2018


WEATHER ITEM   OBSERVED TIME   RECORD YEAR NORMAL DEPARTURE LAST
                VALUE   (LST)  VALUE       VALUE  FROM      YEAR
                                                  NORMAL
..................................................................
TEMPERATURE (F)
 YESTERDAY
  MAXIMUM         67    440 PM  82    1989  58      9       46
  MINIMUM         30    458 AM  11    1892  33     -3       34
  AVERAGE         49                        45      4       40

PRECIPITATION (IN)
  YESTERDAY        0.00          1.10 1944   0.07  -0.07     0.13
  MONTH TO DATE    0.28                      1.23  -0.95     1.69
  SINCE MAR 1      1.37                      2.39  -1.02     6.34
  SINCE JAN 1      2.99                      3.38  -0.39     8.72

SNOWFALL (IN)
  YESTERDAY        0.0                       0.6   -0.6       T
  MONTH TO DATE    2.4                      12.2   -9.8     10.7
  SINCE MAR 1     10.5                      28.3  -17.8     16.4
  SINCE JUL 1     57.7                      81.9  -24.2     77.4
  SNOW DEPTH       0

DEGREE DAYS
 HEATING
  YESTERDAY       16                        20     -4       25
  MONTH TO DATE  488                       472     16      456
  SINCE MAR 1   1369                      1387    -18     1168
  SINCE JUL 1   6819                      7091   -272     6871

 COOLING
  YESTERDAY        0                         0      0        0
  MONTH TO DATE    0                         0      0        0
  SINCE MAR 1      0                         0      0        0
  SINCE JAN 1      0                         0      0        0
..................................................................


WIND (MPH)
  HIGHEST WIND SPEED    15   HIGHEST WIND DIRECTION     W (250)
  HIGHEST GUST SPEED    18   HIGHEST GUST DIRECTION     W (250)
  AVERAGE WIND SPEED     4.4


SKY COVER
  POSSIBLE SUNSHINE  MM
  AVERAGE SKY COVER 0.0


WEATHER CONDITIONS
 THE FOLLOWING WEATHER WAS RECORDED YESTERDAY.
  NO SIGNIFICANT WEATHER WAS OBSERVED.


RELATIVE HUMIDITY (PERCENT)
 HIGHEST    89           700 AM
 LOWEST     22           500 PM
 AVERAGE    56

..........................................................


THE LANDER WY CLIMATE NORMALS FOR TODAY
                         NORMAL    RECORD    YEAR
 MAXIMUM TEMPERATURE (F)   58        78      1994
                                             1989
                                             1969
 MINIMUM TEMPERATURE (F)   33        11      1892


SUNRISE AND SUNSET
APRIL 22 2018.........SUNRISE   622 AM MDT   SUNSET   805 PM MDT
APRIL 23 2018.........SUNRISE   621 AM MDT   SUNSET   807 PM MDT


-  INDICATES NEGATIVE NUMBERS.
R  INDICATES RECORD WAS SET OR TIED.
MM INDICATES DATA IS MISSING.
T  INDICATES TRACE AMOUNT.




$$
