970
CDUS43 KOAX 220630
CLILNK


CLIMATE REPORT
NATIONAL WEATHER SERVICE OMAHA NEBRASKA
130 AM CDT SUN APR 22 2018


...................................

...THE LINCOLN, NEBRASKA CLIMATE SUMMARY FOR APRIL 21 2018...

CLIMATE NORMAL PERIOD 1981 TO 2010
CLIMATE RECORD PERIOD 1887 TO 2018


WEATHER ITEM   OBSERVED TIME   RECORD YEAR NORMAL DEPARTURE LAST
                VALUE   (LST)  VALUE       VALUE  FROM      YEAR
                                                  NORMAL
..................................................................
TEMPERATURE (F)
 YESTERDAY
  MAXIMUM         53   1221 AM  92    1989  66    -13       57
  MINIMUM         44   1019 PM  24    1978  41      3       43
  AVERAGE         49                        54     -5       50

PRECIPITATION (IN)
  YESTERDAY        0.01          1.37 1984   0.10  -0.09     0.00
  MONTH TO DATE    0.11                      1.70  -1.59     1.62
  SINCE MAR 1      2.82                      3.63  -0.81     3.24
  SINCE JAN 1      3.97                      5.04  -1.07     4.89

SNOWFALL (IN)
  YESTERDAY        0.0                       0.0    0.0      0.0
  MONTH TO DATE    3.0                       1.2    1.8      0.0
  SINCE JUL 1     21.4                      25.7   -4.3      7.5
  SNOW DEPTH       0

DEGREE DAYS
 HEATING
  YESTERDAY       16                        12      4       15
  MONTH TO DATE  532                       323    209      198
  SINCE MAR 1   1268                      1096    172      852
  SINCE JUL 1   5867                      5799     68     4735

 COOLING
  YESTERDAY        0                         1     -1        0
  MONTH TO DATE    0                         4     -4       12
  SINCE MAR 1      0                         5     -5       13
  SINCE JAN 1      0                         5     -5       13
..................................................................


WIND (MPH)
  HIGHEST WIND SPEED    17   HIGHEST WIND DIRECTION     E (110)
  HIGHEST GUST SPEED    24   HIGHEST GUST DIRECTION     E (110)
  AVERAGE WIND SPEED     7.7


SKY COVER
  POSSIBLE SUNSHINE  MM
  AVERAGE SKY COVER 1.0


WEATHER CONDITIONS
 THE FOLLOWING WEATHER WAS RECORDED YESTERDAY.
  LIGHT RAIN


RELATIVE HUMIDITY (PERCENT)
 HIGHEST    71          1100 AM
 LOWEST     35           300 AM
 AVERAGE    53

..........................................................


THE LINCOLN, NEBRASKA CLIMATE NORMALS FOR TODAY
                         NORMAL    RECORD    YEAR
 MAXIMUM TEMPERATURE (F)   67        94      1989
 MINIMUM TEMPERATURE (F)   41        25      1992


SUNRISE AND SUNSET
APRIL 22 2018.........SUNRISE   638 AM CDT   SUNSET   814 PM CDT
APRIL 23 2018.........SUNRISE   636 AM CDT   SUNSET   815 PM CDT


-  INDICATES NEGATIVE NUMBERS.
R  INDICATES RECORD WAS SET OR TIED.
MM INDICATES DATA IS MISSING.
T  INDICATES TRACE AMOUNT.




$$
