000
CDUS43 KJKL 262021
CLILOZ

CLIMATE REPORT
NATIONAL WEATHER SERVICE JACKSON KY
420 PM EDT THU APR 26 2018

...................................

...THE LONDON KY CLIMATE SUMMARY FOR APRIL 26 2018...
VALID TODAY AS OF 0400 PM LOCAL TIME.

CLIMATE NORMAL PERIOD 1981 TO 2010
CLIMATE RECORD PERIOD 1954 TO 2018

WEATHER ITEM   OBSERVED TIME   RECORD YEAR NORMAL DEPARTURE LAST
                VALUE   (LST)  VALUE       VALUE  FROM      YEAR
                                                  NORMAL
..................................................................
TEMPERATURE (F)
 TODAY
  MAXIMUM         62    229 PM  87    1984  72    -10       82
  MINIMUM         45    641 AM  33    1968  48     -3       51
  AVERAGE         54                        60     -6       67

PRECIPITATION (IN)
  TODAY            0.00          1.96 1967   0.14  -0.14     0.00
  MONTH TO DATE    5.27                      3.49   1.78     5.09
  SINCE MAR 1      9.97                      7.54   2.43    10.12
  SINCE JAN 1     20.41                     14.79   5.62    15.44

SNOWFALL (IN)
  TODAY           MM
  MONTH TO DATE   MM
  SINCE MAR 1     MM
  SINCE JUL 1     MM
  SNOW DEPTH      MM

DEGREE DAYS
 HEATING
  TODAY           11                         6      5        0
  MONTH TO DATE  366                       252    114      124
  SINCE MAR 1    978                       801    177      637

 COOLING
  TODAY            0                         1     -1        2
  MONTH TO DATE    5                        18    -13       30
  SINCE MAR 1      5                        21    -16       33
  SINCE JAN 1     13                        21     -8       33
..................................................................

WIND (MPH)
  HIGHEST WIND SPEED     8   HIGHEST WIND DIRECTION     S (200)
  HIGHEST GUST SPEED     9   HIGHEST GUST DIRECTION     S (200)
  AVERAGE WIND SPEED     1.3

SKY COVER
  POSSIBLE SUNSHINE  MM
  AVERAGE SKY COVER 0.6

WEATHER CONDITIONS
 THE FOLLOWING WEATHER WAS RECORDED TODAY.
  FOG
  FOG W/VISIBILITY <= 1/4 MILE

RELATIVE HUMIDITY (PERCENT)
 HIGHEST   100          1200 AM
 LOWEST     60           100 PM
 AVERAGE    80
..........................................................

THE LONDON KY CLIMATE NORMALS FOR TOMORROW
                         NORMAL    RECORD    YEAR
 MAXIMUM TEMPERATURE (F)   72        90      1986
 MINIMUM TEMPERATURE (F)   48        32      1972

SUNRISE AND SUNSET
APRIL 26 2018.........SUNRISE   648 AM EDT   SUNSET   821 PM EDT
APRIL 27 2018.........SUNRISE   647 AM EDT   SUNSET   822 PM EDT

-  INDICATES NEGATIVE NUMBERS.
R  INDICATES RECORD WAS SET OR TIED.
MM INDICATES DATA IS MISSING.
T  INDICATES TRACE AMOUNT.

$$

TAB
