640
CDUS45 KBYZ 270721
CLILVM


CLIMATE REPORT
NATIONAL WEATHER SERVICE BILLINGS MT
121 AM MDT SUN MAY 27 2018


...................................

...THE LIVINGSTON MT CLIMATE SUMMARY FOR MAY 26 2018...

CLIMATE NORMAL PERIOD 1981 TO 2010
CLIMATE RECORD PERIOD 1948 TO 2018


WEATHER ITEM   OBSERVED TIME   RECORD YEAR NORMAL DEPARTURE LAST
                VALUE   (LST)  VALUE       VALUE  FROM      YEAR
                                                  NORMAL
..................................................................
TEMPERATURE (F)
 YESTERDAY
  MAXIMUM         80    444 PM  87    1958  67     13       63
  MINIMUM         46    457 AM  28    2017  39      7       28
  AVERAGE         63                        53     10       46

PRECIPITATION (IN)
  YESTERDAY        0.08          0.92 1985   0.09  -0.01     0.00
  MONTH TO DATE    2.99                      2.16   0.83     3.18
  SINCE OCT 1     10.49                      8.13   2.36    12.09
  SINCE JAN 1      7.45                      5.76   1.69     8.16

DEGREE DAYS
 HEATING
  YESTERDAY        2                        12    -10       19
  MONTH TO DATE  266                       392   -126      374
  SINCE MAR 1   1925                      1992    -67     1721
  SINCE JUL 1   7245                      7340    -95     6947

 COOLING
  YESTERDAY        0                         0      0        0
  MONTH TO DATE    0                         0      0        0
  SINCE MAR 1      0                         0      0        0
  SINCE JAN 1      0                         0      0        0
..................................................................


WIND (MPH)
  HIGHEST WIND SPEED    25   HIGHEST WIND DIRECTION     E (80)
  HIGHEST GUST SPEED    31   HIGHEST GUST DIRECTION     E (80)
  AVERAGE WIND SPEED     8.3


SKY COVER
  POSSIBLE SUNSHINE  MM
  AVERAGE SKY COVER 0.1


WEATHER CONDITIONS
 THE FOLLOWING WEATHER WAS RECORDED YESTERDAY.
  THUNDERSTORM
  RAIN
  LIGHT RAIN


RELATIVE HUMIDITY (PERCENT)
 HIGHEST    86           400 AM
 LOWEST     39           300 PM
 AVERAGE    63

..........................................................


THE LIVINGSTON MT CLIMATE NORMALS FOR TODAY
                         NORMAL    RECORD    YEAR
 MAXIMUM TEMPERATURE (F)   67        91      1966
 MINIMUM TEMPERATURE (F)   40        28      2005


SUNRISE AND SUNSET
MAY 27 2018...........SUNRISE   539 AM MDT   SUNSET   859 PM MDT
MAY 28 2018...........SUNRISE   538 AM MDT   SUNSET   900 PM MDT


-  INDICATES NEGATIVE NUMBERS.
R  INDICATES RECORD WAS SET OR TIED.
MM INDICATES DATA IS MISSING.
T  INDICATES TRACE AMOUNT.




$$
