000
CDUS46 KOTX 210426
CLILWS


CLIMATE REPORT
NATIONAL WEATHER SERVICE SPOKANE, WA
925 PM PDT FRI APR 20 2018


...................................

...THE LEWISTON ID AIRPORT CLIMATE SUMMARY FOR APRIL 20 2018...
VALID TODAY AS OF 0800 PM LOCAL TIME.

CLIMATE NORMAL PERIOD 1981 TO 2010
CLIMATE RECORD PERIOD 1881 TO 2018


WEATHER ITEM   OBSERVED TIME   RECORD YEAR NORMAL DEPARTURE LAST
                VALUE   (LST)  VALUE       VALUE  FROM      YEAR
                                                  NORMAL
..................................................................
TEMPERATURE (F)
 TODAY
  MAXIMUM         69    414 PM  88    1942  63      6       59
                                      1934
                                      1906
  MINIMUM         38    347 AM  23    1951  41     -3       44
                                      1927
  AVERAGE         54                        52      2       52

PRECIPITATION (IN)
  TODAY            0.00          0.52 1996   0.05  -0.05     0.33
  MONTH TO DATE    1.46                      0.85   0.61     0.95
  SINCE OCT 1     10.46                      6.97   3.49    12.11
  SINCE JAN 1      4.90                      3.86   1.04     7.23

DEGREE DAYS
 HEATING
  TODAY           11                        13     -2       13
  MONTH TO DATE  292                       295     -3      277
  SINCE MAR 1    888                       907    -19      872
  SINCE JUL 1   4599                      4762   -163     4908

 COOLING
  TODAY            0                         0      0        0
  MONTH TO DATE    0                         0      0        0
  SINCE MAR 1      0                         0      0        0
  SINCE JAN 1      0                         0      0        0
..................................................................


WIND (MPH)
  HIGHEST WIND SPEED    12   HIGHEST WIND DIRECTION     W (290)
  HIGHEST GUST SPEED    19   HIGHEST GUST DIRECTION    NE (40)
  AVERAGE WIND SPEED     4.4


SKY COVER
  POSSIBLE SUNSHINE  MM
  AVERAGE SKY COVER 0.0


WEATHER CONDITIONS
 THE FOLLOWING WEATHER WAS RECORDED TODAY.
  NO SIGNIFICANT WEATHER WAS OBSERVED.


RELATIVE HUMIDITY (PERCENT)
 HIGHEST    76           600 AM
 LOWEST     27           300 PM
 AVERAGE    52

..........................................................


THE LEWISTON ID AIRPORT CLIMATE NORMALS FOR TOMORROW
                         NORMAL    RECORD    YEAR
 MAXIMUM TEMPERATURE (F)   64        91      1906
 MINIMUM TEMPERATURE (F)   41        22      1951


SUNRISE AND SUNSET
APRIL 20 2018.........SUNRISE   552 AM PDT   SUNSET   743 PM PDT
APRIL 21 2018.........SUNRISE   550 AM PDT   SUNSET   744 PM PDT


-  INDICATES NEGATIVE NUMBERS.
R  INDICATES RECORD WAS SET OR TIED.
MM INDICATES DATA IS MISSING.
T  INDICATES TRACE AMOUNT.




$$
