155
CDUS41 KRNK 262121
CLILYH


CLIMATE REPORT
NATIONAL WEATHER SERVICE BLACKSBURG VA
520 PM EDT THU APR 26 2018


...................................

...THE LYNCHBURG VA CLIMATE SUMMARY FOR APRIL 26 2018...
VALID TODAY AS OF 0500 PM LOCAL TIME.

CLIMATE NORMAL PERIOD 1981 TO 2010
CLIMATE RECORD PERIOD 1893 TO 2018


WEATHER ITEM   OBSERVED TIME   RECORD YEAR NORMAL DEPARTURE LAST
                VALUE   (LST)  VALUE       VALUE  FROM      YEAR
                                                  NORMAL
..................................................................
TEMPERATURE (F)
 TODAY
  MAXIMUM         71    324 PM  93    1915  71      0       80
  MINIMUM         44    545 AM  30    1934  45     -1       47
  AVERAGE         58                        58      0       64

PRECIPITATION (IN)
  TODAY            0.00          3.67 1978   0.11  -0.11     0.00
  MONTH TO DATE    4.18                      2.88   1.30     4.18
  SINCE MAR 1      7.25                      6.46   0.79     6.84
  SINCE JAN 1     15.91                     12.53   3.38    11.22

SNOWFALL (IN)
  TODAY            0.0                                       0.0
  MONTH TO DATE    0.5                                       0.0
  SINCE MAR 1      8.2                                        T
  SINCE JUL 1     13.9                                       5.9
  SNOW DEPTH       0

DEGREE DAYS
 HEATING
  TODAY            7                         8     -1        1
  MONTH TO DATE  328                       276     52      160
  SINCE MAR 1   1050                       871    179      699
  SINCE JUL 1   4278                      4295    -17     3408

 COOLING
  TODAY            0                         1     -1        0
  MONTH TO DATE   11                        14     -3       26
  SINCE MAR 1     11                        16     -5       26
  SINCE JAN 1     11                        16     -5       27
..................................................................


WIND (MPH)
  HIGHEST WIND SPEED    14   HIGHEST WIND DIRECTION     S (200)
  HIGHEST GUST SPEED    17   HIGHEST GUST DIRECTION    SW (210)
  AVERAGE WIND SPEED     4.0


SKY COVER
  AVERAGE SKY COVER 0.0


WEATHER CONDITIONS
 THE FOLLOWING WEATHER WAS RECORDED TODAY.
  NO SIGNIFICANT WEATHER WAS OBSERVED.


RELATIVE HUMIDITY (PERCENT)
 HIGHEST   100           200 AM
 LOWEST     33           300 PM
 AVERAGE    67

..........................................................


THE LYNCHBURG VA CLIMATE NORMALS FOR TOMORROW
                         NORMAL    RECORD    YEAR
 MAXIMUM TEMPERATURE (F)   71        93      1915
 MINIMUM TEMPERATURE (F)   46        31      1976


SUNRISE AND SUNSET
APRIL 26 2018.........SUNRISE   628 AM EDT   SUNSET   802 PM EDT
APRIL 27 2018.........SUNRISE   627 AM EDT   SUNSET   803 PM EDT


-  INDICATES NEGATIVE NUMBERS.
R  INDICATES RECORD WAS SET OR TIED.
MM INDICATES DATA IS MISSING.
T  INDICATES TRACE AMOUNT.




$$
