000
CDUS44 KMAF 230321
CLIMAF


CLIMATE REPORT
NATIONAL WEATHER SERVICE MIDLAND TX
1021 PM CDT TUE MAY 22 2018


...................................

...THE MIDLAND CLIMATE SUMMARY FOR MAY 22 2018...
VALID TODAY AS OF 0500 PM LOCAL TIME.

CLIMATE NORMAL PERIOD 1981 TO 2010
CLIMATE RECORD PERIOD 1930 TO 2018


WEATHER ITEM   OBSERVED TIME   RECORD YEAR NORMAL DEPARTURE LAST
                VALUE   (LST)  VALUE       VALUE  FROM      YEAR
                                                  NORMAL
..................................................................
TEMPERATURE (F)
 TODAY
  MAXIMUM         89    513 PM 107    1953  89      0       78
  MINIMUM         68    700 AM  48    1931  62      6       58
  AVERAGE         79                        75      4       68

PRECIPITATION (IN)
  TODAY            0.00          0.98 1963   0.07  -0.07     0.20
  MONTH TO DATE    0.68                      1.08  -0.40     0.58
  SINCE MAR 1      0.79                      2.33  -1.54     3.54
  SINCE JAN 1      0.84                      3.60  -2.76     5.38

DEGREE DAYS
 COOLING
  TODAY           14                        11      3        3
  MONTH TO DATE  336                       176    160      181
  SINCE MAR 1    496                       282    214      440
  SINCE JAN 1    503                       284    219      457
..................................................................


WIND (MPH)
  HIGHEST WIND SPEED    24   HIGHEST WIND DIRECTION     S (160)
  HIGHEST GUST SPEED    29   HIGHEST GUST DIRECTION    SE (150)
  AVERAGE WIND SPEED    13.7


SKY COVER
  POSSIBLE SUNSHINE  MM
  AVERAGE SKY COVER 0.3


WEATHER CONDITIONS
 THE FOLLOWING WEATHER WAS RECORDED TODAY.
  NO SIGNIFICANT WEATHER WAS OBSERVED.


RELATIVE HUMIDITY (PERCENT)
 HIGHEST    81           600 AM
 LOWEST     37           300 PM
 AVERAGE    59

..........................................................


THE MIDLAND CLIMATE NORMALS FOR TOMORROW
                         NORMAL    RECORD    YEAR
 MAXIMUM TEMPERATURE (F)   89       106      1989
 MINIMUM TEMPERATURE (F)   62        47      1988


SUNRISE AND SUNSET
MAY 22 2018...........SUNRISE   647 AM CDT   SUNSET   844 PM CDT
MAY 23 2018...........SUNRISE   647 AM CDT   SUNSET   844 PM CDT


-  INDICATES NEGATIVE NUMBERS.
R  INDICATES RECORD WAS SET OR TIED.
MM INDICATES DATA IS MISSING.
T  INDICATES TRACE AMOUNT.




$$
