000
CDUS43 KABR 200652
CLIMBG


CLIMATE REPORT
NATIONAL WEATHER SERVICE ABERDEEN SD
152 AM CDT SUN MAY 20 2018


...................................

...THE MOBRIDGE SD CLIMATE SUMMARY FOR MAY 19 2018...

CLIMATE NORMAL PERIOD 1981 TO 2010
CLIMATE RECORD PERIOD 1911 TO 2018


WEATHER ITEM   OBSERVED TIME   RECORD YEAR NORMAL DEPARTURE LAST
                VALUE   (LST)  VALUE       VALUE  FROM      YEAR
                                                  NORMAL
..................................................................
TEMPERATURE (F)
 YESTERDAY
  MAXIMUM         66    427 PM 101    1992  69     -3       61
  MINIMUM         47    630 AM  26    1915  45      2       45
  AVERAGE         57                        57      0       53

PRECIPITATION (IN)
  YESTERDAY        0.00          0.89 2013   0.09  -0.09     0.00
  MONTH TO DATE    3.24                      1.68   1.56     0.44
  SINCE MAR 1      6.20                      4.15   2.05     1.54
  SINCE JAN 1      7.21                      4.88   2.33     2.30

DEGREE DAYS
 HEATING
  YESTERDAY        8                         8      0       12
  MONTH TO DATE  126                       209    -83      125
  SINCE MAR 1   2043                      1829    214     1585
  SINCE JUL 1   7913                      7804    109     7022

 COOLING
  YESTERDAY        0                         1     -1        0
  MONTH TO DATE   24                         1     23       20
  SINCE MAR 1     25                         2     23       20
  SINCE JAN 1     25                         2     23       20
..................................................................


WIND (MPH)
  HIGHEST WIND SPEED    29   HIGHEST WIND DIRECTION    NE (50)
  HIGHEST GUST SPEED    40   HIGHEST GUST DIRECTION    NE (30)
  AVERAGE WIND SPEED    17.2


SKY COVER
  POSSIBLE SUNSHINE  MM
  AVERAGE SKY COVER 0.4


WEATHER CONDITIONS
 THE FOLLOWING WEATHER WAS RECORDED YESTERDAY.
  NO SIGNIFICANT WEATHER WAS OBSERVED.


RELATIVE HUMIDITY (PERCENT)
 HIGHEST    86          1200 AM
 LOWEST     34           500 PM
 AVERAGE    60

..........................................................


THE MOBRIDGE SD CLIMATE NORMALS FOR TODAY
                         NORMAL    RECORD    YEAR
 MAXIMUM TEMPERATURE (F)   69        95      1934
 MINIMUM TEMPERATURE (F)   45        26      2003


SUNRISE AND SUNSET
MAY 20 2018...........SUNRISE   606 AM CDT   SUNSET   911 PM CDT
MAY 21 2018...........SUNRISE   605 AM CDT   SUNSET   913 PM CDT


-  INDICATES NEGATIVE NUMBERS.
R  INDICATES RECORD WAS SET OR TIED.
MM INDICATES DATA IS MISSING.
T  INDICATES TRACE AMOUNT.




$$
