000
CDUS42 KMLB 220627
CLIMCO


CLIMATE REPORT
NATIONAL WEATHER SERVICE MELBOURNE FL
226 AM EDT TUE MAY 22 2018


...................................

...THE ORLANDO INTL CLIMATE SUMMARY FOR MAY 21 2018...

CLIMATE NORMAL PERIOD 1981 TO 2010
CLIMATE RECORD PERIOD 1892 TO 2018


WEATHER ITEM   OBSERVED TIME   RECORD YEAR NORMAL DEPARTURE LAST
                VALUE   (LST)  VALUE       VALUE  FROM      YEAR
                                                  NORMAL
..................................................................
TEMPERATURE (F)
 YESTERDAY
  MAXIMUM         80    343 PM  98    1908  89     -9       89
  MINIMUM         72   1159 PM  54    1893  68      4       69
  AVERAGE         76                        78     -2       79

PRECIPITATION (IN)
  YESTERDAY        0.01          2.15 1912   0.13  -0.12     0.00
  MONTH TO DATE    5.49                      1.84   3.65     0.32
  SINCE MAR 1      8.46                      8.29   0.17     0.42
  SINCE JAN 1     10.92                     13.02  -2.10     3.35

SNOWFALL (IN)
  YESTERDAY        0.0
  MONTH TO DATE    0.0
  SINCE JUL 1      0.0

DEGREE DAYS
 HEATING
  YESTERDAY        0                         0      0        0
  MONTH TO DATE    0                         0      0        0
  SINCE MAR 1     83                        71     12       40
  SINCE JUL 1    467                       570   -103      209

 COOLING
  YESTERDAY       11                        13     -2       14
  MONTH TO DATE  240                       237      3      244
  SINCE MAR 1    581                       554     27      697
  SINCE JAN 1    828                       658    170      898
..................................................................


WIND (MPH)
  HIGHEST WIND SPEED    21   HIGHEST WIND DIRECTION    SE (150)
  HIGHEST GUST SPEED    26   HIGHEST GUST DIRECTION     S (160)
  AVERAGE WIND SPEED     8.2


SKY COVER
  AVERAGE SKY COVER 0.9


WEATHER CONDITIONS
 THE FOLLOWING WEATHER WAS RECORDED YESTERDAY.
  LIGHT RAIN
  FOG


RELATIVE HUMIDITY (PERCENT)
 HIGHEST   100          1200 AM
 LOWEST     79           300 PM
 AVERAGE    90

..........................................................


THE ORLANDO INTL CLIMATE NORMALS FOR TODAY
                         NORMAL    RECORD    YEAR
 MAXIMUM TEMPERATURE (F)   89        97      1962
 MINIMUM TEMPERATURE (F)   68        55      1919


SUNRISE AND SUNSET
MAY 22 2018...........SUNRISE   631 AM EDT   SUNSET   813 PM EDT
MAY 23 2018...........SUNRISE   631 AM EDT   SUNSET   813 PM EDT


-  INDICATES NEGATIVE NUMBERS.
R  INDICATES RECORD WAS SET OR TIED.
MM INDICATES DATA IS MISSING.
T  INDICATES TRACE AMOUNT.




$$
