000
CDUS44 KMEG 210633
CLIMEG


CLIMATE REPORT
NATIONAL WEATHER SERVICE MEMPHIS TN
132 AM CDT MON MAY 21 2018


...................................

...THE MEMPHIS/GERMANTOWN WFO CLIMATE SUMMARY FOR MAY 20 2018...

CLIMATE NORMAL PERIOD 1981 TO 2010
CLIMATE RECORD PERIOD 1988 TO 2018


WEATHER ITEM   OBSERVED TIME   RECORD YEAR NORMAL DEPARTURE LAST
                VALUE   (LST)  VALUE       VALUE  FROM      YEAR
                                                  NORMAL
..................................................................
TEMPERATURE (F)
 YESTERDAY
  MAXIMUM         91    110 PM  93    1998  82      9       80
  MINIMUM         66    456 AM  46    2002  60      6       67
  AVERAGE         79                        71      8       74

PRECIPITATION (IN)
  YESTERDAY        0.01          2.38 1990   0.17  -0.16     0.31
  MONTH TO DATE    2.69                      3.92  -1.23     2.20
  SINCE MAR 1     16.92                     14.19   2.73    12.49
  SINCE JAN 1     35.74                     22.82  12.92    17.70

SNOWFALL (IN)
  YESTERDAY        0.0          MM      MM                   0.0
  MONTH TO DATE    0.0                                       0.0
  SINCE MAR 1      0.0                                       0.4
  SINCE JUL 1      3.8                                       1.4
  SNOW DEPTH       0

DEGREE DAYS
 HEATING
  YESTERDAY        0                         1     -1        0
  MONTH TO DATE    0                        34    -34       25
  SINCE MAR 1    659                       661     -2      394
  SINCE JUL 1   3213                      3407   -194     2235

 COOLING
  YESTERDAY       14                         7      7        9
  MONTH TO DATE  213                        96    117      110
  SINCE MAR 1    229                       161     68      256
  SINCE JAN 1    242                       162     80      270
..................................................................







THE MEMPHIS/GERMANTOWN WFO CLIMATE NORMALS FOR TODAY
                         NORMAL    RECORD    YEAR
 MAXIMUM TEMPERATURE (F)   82        92      1998
 MINIMUM TEMPERATURE (F)   61        46      2002


SUNRISE AND SUNSET
MAY 21 2018...........SUNRISE   551 AM CDT   SUNSET   801 PM CDT
MAY 22 2018...........SUNRISE   551 AM CDT   SUNSET   802 PM CDT


-  INDICATES NEGATIVE NUMBERS.
R  INDICATES RECORD WAS SET OR TIED.
MM INDICATES DATA IS MISSING.
T  INDICATES TRACE AMOUNT.




$$
