000
CDUS44 KMEG 202248
CLIMEM


CLIMATE REPORT
NATIONAL WEATHER SERVICE MEMPHIS TN
548 PM CDT FRI APR 20 2018


...................................

...THE MEMPHIS CLIMATE SUMMARY FOR APRIL 20 2018...
VALID TODAY AS OF 0500 PM LOCAL TIME.

CLIMATE NORMAL PERIOD 1981 TO 2010
CLIMATE RECORD PERIOD 1872 TO 2018


WEATHER ITEM   OBSERVED TIME   RECORD YEAR NORMAL DEPARTURE LAST
                VALUE   (LST)  VALUE       VALUE  FROM      YEAR
                                                  NORMAL
..................................................................
TEMPERATURE (F)
 TODAY
  MAXIMUM         71    353 PM  92    1987  74     -3       83
  MINIMUM         40    547 AM  38    1953  54    -14       66
                                      1904
  AVERAGE         56                        64     -8       75

PRECIPITATION (IN)
  TODAY            0.00          4.86 1927   0.18  -0.18     0.03
  MONTH TO DATE    3.77                      3.63   0.14     1.76
  SINCE MAR 1      8.21                      8.79  -0.58     5.37
  SINCE JAN 1     25.66                     17.16   8.50    11.03

SNOWFALL (IN)
  TODAY            0.0

DEGREE DAYS
 HEATING
  TODAY            9                         4      5        0
  MONTH TO DATE  227                       112    115       31
  SINCE MAR 1    560                       470     90      311
  SINCE JUL 1   2979                      2920     59     2010

 COOLING
  TODAY            0                         3     -3       10
  MONTH TO DATE   12                        42    -30       81
  SINCE MAR 1     16                        59    -43      119
  SINCE JAN 1     30                        62    -32      141
..................................................................


WIND (MPH)
  HIGHEST WIND SPEED    17   HIGHEST WIND DIRECTION     E (80)
  HIGHEST GUST SPEED    30   HIGHEST GUST DIRECTION     E (80)
  AVERAGE WIND SPEED     9.1


SKY COVER
  POSSIBLE SUNSHINE  MM
  AVERAGE SKY COVER 0.1


WEATHER CONDITIONS
 THE FOLLOWING WEATHER WAS RECORDED TODAY.
  NO SIGNIFICANT WEATHER WAS OBSERVED.


RELATIVE HUMIDITY (PERCENT)
 HIGHEST    79           600 AM
 LOWEST     22           200 PM
 AVERAGE    51

..........................................................


THE MEMPHIS CLIMATE NORMALS FOR TOMORROW
                         NORMAL    RECORD    YEAR
 MAXIMUM TEMPERATURE (F)   75        94      1987
 MINIMUM TEMPERATURE (F)   55        36      1950


SUNRISE AND SUNSET
APRIL 20 2018.........SUNRISE   622 AM CDT   SUNSET   737 PM CDT
APRIL 21 2018.........SUNRISE   620 AM CDT   SUNSET   737 PM CDT


-  INDICATES NEGATIVE NUMBERS.
R  INDICATES RECORD WAS SET OR TIED.
MM INDICATES DATA IS MISSING.
T  INDICATES TRACE AMOUNT.




$$
