000
CDUS46 KMFR 210827
CLIMFR


CLIMATE REPORT
NATIONAL WEATHER SERVICE MEDFORD, OR
127 AM PDT MON MAY 21 2018


...................................

...THE MEDFORD OR CLIMATE SUMMARY FOR MAY 20 2018...

CLIMATE NORMAL PERIOD 1981 TO 2010
CLIMATE RECORD PERIOD 1911 TO 2018


WEATHER ITEM   OBSERVED TIME   RECORD YEAR NORMAL DEPARTURE LAST
                VALUE   (LST)  VALUE       VALUE  FROM      YEAR
                                                  NORMAL
..................................................................
TEMPERATURE (F)
 YESTERDAY
  MAXIMUM         72        MM  93    1963  75     -3       84
  MINIMUM         54        MM  33    1976  47      7       49
  AVERAGE         63                        61      2       67

PRECIPITATION (IN)
  YESTERDAY        0.00          0.67 1978   0.04  -0.04     0.00
  MONTH TO DATE    0.55                      0.86  -0.31     0.58
  SINCE OCT 1     10.56                     16.03  -5.47    24.27
  SINCE JAN 1      5.95                      8.39  -2.44    12.58

SNOWFALL (IN)
  YESTERDAY        0.0                       0.0    0.0      0.0
  MONTH TO DATE    0.0                       0.0    0.0      0.0
  SINCE JUL 1      4.2                       4.1    0.1     11.8
  SNOW DEPTH       0

DEGREE DAYS
 HEATING
  YESTERDAY        2                         5     -3        0
  MONTH TO DATE   49                       147    -98      128
  SINCE MAR 1    959                      1032    -73      971
  SINCE JUL 1   4052                      4146    -94     4016

 COOLING
  YESTERDAY        0                         1     -1        2
  MONTH TO DATE   21                        19      2       22
  SINCE MAR 1     29                        22      7       22
  SINCE JAN 1     29                        22      7       22
..................................................................


WIND (MPH)
  HIGHEST WIND SPEED    14   HIGHEST WIND DIRECTION     W (290)
  HIGHEST GUST SPEED    20   HIGHEST GUST DIRECTION     W (280)
  AVERAGE WIND SPEED     6.9


SKY COVER
  POSSIBLE SUNSHINE  MM
  AVERAGE SKY COVER 0.4


WEATHER CONDITIONS
 THE FOLLOWING WEATHER WAS RECORDED YESTERDAY.
  NO SIGNIFICANT WEATHER WAS OBSERVED.


RELATIVE HUMIDITY (PERCENT)
 HIGHEST    77           300 AM
 LOWEST     38           500 PM
 AVERAGE    58

..........................................................


THE MEDFORD OR CLIMATE NORMALS FOR TODAY
                         NORMAL    RECORD    YEAR
 MAXIMUM TEMPERATURE (F)   75        96      2001
 MINIMUM TEMPERATURE (F)   47        30      1918


SUNRISE AND SUNSET
MAY 21 2018...........SUNRISE   544 AM PDT   SUNSET   832 PM PDT
MAY 22 2018...........SUNRISE   544 AM PDT   SUNSET   833 PM PDT


-  INDICATES NEGATIVE NUMBERS.
R  INDICATES RECORD WAS SET OR TIED.
MM INDICATES DATA IS MISSING.
T  INDICATES TRACE AMOUNT.




$$
