000
CDUS43 KGRR 200519
CLIMKG


CLIMATE REPORT
NATIONAL WEATHER SERVICE GRAND RAPIDS, MI
119 AM EDT FRI APR 20 2018


...................................

...THE MUSKEGON MI CLIMATE SUMMARY FOR APRIL 19 2018...

CLIMATE NORMAL PERIOD 1981 TO 2010
CLIMATE RECORD PERIOD 1896 TO 2018


WEATHER ITEM   OBSERVED TIME   RECORD YEAR NORMAL DEPARTURE LAST
                VALUE   (LST)  VALUE       VALUE  FROM      YEAR
                                                  NORMAL
..................................................................
TEMPERATURE (F)
 YESTERDAY
  MAXIMUM         48    516 PM  79    1957  58    -10       66
  MINIMUM         30   1158 PM  20    1983  39     -9       50
  AVERAGE         39                        48     -9       58

PRECIPITATION (IN)
  YESTERDAY        0.00          1.50 1925   0.10  -0.10     0.01
  MONTH TO DATE    3.11                      1.85   1.26     2.15
  SINCE MAR 1      4.41                      4.10   0.31     4.76
  SINCE JAN 1     11.35                      7.96   3.39    10.46

SNOWFALL (IN)
  YESTERDAY        0.0           0.1  1947   0.1   -0.1      0.0
  MONTH TO DATE    7.5                       2.2    5.3      0.0
  SINCE MAR 1     13.6                      11.2    2.4      4.5
  SINCE JUL 1    105.3                      93.6   11.7     49.0
  SNOW DEPTH       4

DEGREE DAYS
 HEATING
  YESTERDAY       26                        17      9        7
  MONTH TO DATE  595                       391    204      288
  SINCE MAR 1   1547                      1321    226     1192
  SINCE JUL 1   6064                      6053     11     5057

 COOLING
  YESTERDAY        0                         0      0        0
  MONTH TO DATE    0                         0      0        0
  SINCE MAR 1      0                         0      0        0
  SINCE JAN 1      0                         0      0        0
..................................................................


WIND (MPH)
  RESULTANT WIND SPEED   8   RESULTANT WIND DIRECTION  NW (330)
  HIGHEST WIND SPEED    21   HIGHEST WIND DIRECTION    NW (330)
  HIGHEST GUST SPEED    27   HIGHEST GUST DIRECTION     N (340)
  AVERAGE WIND SPEED     8.6


SKY COVER
  AVERAGE SKY COVER 0.1


WEATHER CONDITIONS
 THE FOLLOWING WEATHER WAS RECORDED YESTERDAY.
  NO SIGNIFICANT WEATHER WAS OBSERVED.


RELATIVE HUMIDITY (PERCENT)
 HIGHEST    89          1200 AM
 LOWEST     31           500 PM
 AVERAGE    60

..........................................................


THE MUSKEGON MI CLIMATE NORMALS FOR TODAY
                         NORMAL    RECORD    YEAR
 MAXIMUM TEMPERATURE (F)   58        79      1987
 MINIMUM TEMPERATURE (F)   39        18      1897


SUNRISE AND SUNSET
APRIL 20 2018.........SUNRISE   655 AM EDT   SUNSET   834 PM EDT
APRIL 21 2018.........SUNRISE   653 AM EDT   SUNSET   835 PM EDT


-  INDICATES NEGATIVE NUMBERS.
R  INDICATES RECORD WAS SET OR TIED.
MM INDICATES DATA IS MISSING.
T  INDICATES TRACE AMOUNT.




$$
