000
CDUS41 KCAR 222028
CLIMLT


CLIMATE REPORT
NATIONAL WEATHER SERVICE CARIBOU, ME
428 PM EDT SUN APR 22 2018


...................................

...THE MILLINOCKET ME CLIMATE SUMMARY FOR APRIL 22 2018...
VALID TODAY AS OF 0400 PM LOCAL TIME.

CLIMATE NORMAL PERIOD 1981 TO 2010
CLIMATE RECORD PERIOD 1903 TO 2018


WEATHER ITEM   OBSERVED TIME   RECORD YEAR NORMAL DEPARTURE LAST
                VALUE   (LST)  VALUE       VALUE  FROM      YEAR
                                                  NORMAL
..................................................................
TEMPERATURE (F)
 TODAY
  MAXIMUM         55    241 PM  78    1992  55      0       37
                                      1987
                                      1977
  MINIMUM         28    442 AM  20    1981  34     -6       32
                                      1947
  AVERAGE         42                        44     -2       35

PRECIPITATION (IN)
  TODAY            0.00          1.16 1991   0.10  -0.10     0.18
  MONTH TO DATE    2.24                      2.68  -0.44     2.89
  SINCE MAR 1      3.96                      5.74  -1.78     4.47
  SINCE JAN 1      9.83                     10.85  -1.02     9.66

SNOWFALL (IN)
  TODAY           MM            MM      MM  MM     MM       MM
  MONTH TO DATE   MM                        MM     MM       MM
  SINCE MAR 1     MM                        MM     MM       MM
  SINCE JUL 1     MM                        MM     MM       MM
  SNOW DEPTH      MM

DEGREE DAYS
 HEATING
  TODAY           23                        21      2       30
  MONTH TO DATE  681                       572    109      542
  SINCE MAR 1   1751                      1719     32     1843
  SINCE JUL 1   7495                      7771   -276     7338

 COOLING
  TODAY            0                         0      0        0
  MONTH TO DATE    0                         0      0        0
  SINCE MAR 1      0                         0      0        0
  SINCE JAN 1      0                         0      0        0
..................................................................


WIND (MPH)
  HIGHEST WIND SPEED    16   HIGHEST WIND DIRECTION    NW (300)
  HIGHEST GUST SPEED    23   HIGHEST GUST DIRECTION    NW (310)
  AVERAGE WIND SPEED     6.1


SKY COVER
  POSSIBLE SUNSHINE  MM
  AVERAGE SKY COVER 0.0


WEATHER CONDITIONS
 THE FOLLOWING WEATHER WAS RECORDED TODAY.
  NO SIGNIFICANT WEATHER WAS OBSERVED.


RELATIVE HUMIDITY (PERCENT)
 HIGHEST    78          1200 AM
 LOWEST     18           200 PM
 AVERAGE    48

..........................................................


THE MILLINOCKET ME CLIMATE NORMALS FOR TOMORROW
                         NORMAL    RECORD    YEAR
 MAXIMUM TEMPERATURE (F)   55        80      2007
 MINIMUM TEMPERATURE (F)   34        17      1933


SUNRISE AND SUNSET
APRIL 22 2018.........SUNRISE   537 AM EDT   SUNSET   730 PM EDT
APRIL 23 2018.........SUNRISE   535 AM EDT   SUNSET   732 PM EDT


-  INDICATES NEGATIVE NUMBERS.
R  INDICATES RECORD WAS SET OR TIED.
MM INDICATES DATA IS MISSING.
T  INDICATES TRACE AMOUNT.




$$
