072
CDUS44 KSHV 242149
CLIMLU


CLIMATE REPORT
NATIONAL WEATHER SERVICE SHREVEPORT, LA
445 PM CDT THU MAY 24 2018


...................................

...THE MONROE CLIMATE SUMMARY FOR MAY 24 2018...
VALID TODAY AS OF 0400 PM LOCAL TIME.

CLIMATE NORMAL PERIOD 1981 TO 2010
CLIMATE RECORD PERIOD 1893 TO 2018


WEATHER ITEM   OBSERVED TIME   RECORD YEAR NORMAL DEPARTURE LAST
                VALUE   (LST)  VALUE       VALUE  FROM      YEAR
                                                  NORMAL
..................................................................
TEMPERATURE (F)
 TODAY
  MAXIMUM         90    234 PM  95    2010  87      3       73
                                      1996
  MINIMUM         69    347 AM  49    1931  65      4       55
  AVERAGE         80                        76      4       64

PRECIPITATION (IN)
  TODAY            0.00          1.99 1997   0.16  -0.16     0.01
  MONTH TO DATE    1.95                      4.05  -2.10     3.64
  SINCE DEC 1     28.41                     28.20   0.21    28.94
  SINCE JAN 1     24.89                     22.91   1.98    24.11

DEGREE DAYS
 HEATING
  TODAY            0                         0      0        1
  MONTH TO DATE    0                         3     -3       12
  SINCE MAR 1    306                       333    -27      204
  SINCE JUL 1   2087                      2227   -140     1400

 COOLING
  TODAY           15                        11      4        0
  MONTH TO DATE  308                       204    104      142
  SINCE MAR 1    408                       340     68      380
  SINCE JAN 1    445                       351     94      439
..................................................................


WIND (MPH)
  HIGHEST WIND SPEED     9   HIGHEST WIND DIRECTION     N (360)
  HIGHEST GUST SPEED    10   HIGHEST GUST DIRECTION    NE (50)
  AVERAGE WIND SPEED     3.3


SKY COVER
  POSSIBLE SUNSHINE  MM
  AVERAGE SKY COVER 0.2


WEATHER CONDITIONS
 THE FOLLOWING WEATHER WAS RECORDED TODAY.
  NO SIGNIFICANT WEATHER WAS OBSERVED.


RELATIVE HUMIDITY (PERCENT)
 HIGHEST   100           500 AM
 LOWEST     56           200 PM
 AVERAGE    78

..........................................................


THE MONROE CLIMATE NORMALS FOR TOMORROW
                         NORMAL    RECORD    YEAR
 MAXIMUM TEMPERATURE (F)   88        95      1996
                                             1963
                                             1915
 MINIMUM TEMPERATURE (F)   65        50      2017


SUNRISE AND SUNSET
MAY 24 2018...........SUNRISE   605 AM CDT   SUNSET   806 PM CDT
MAY 25 2018...........SUNRISE   604 AM CDT   SUNSET   806 PM CDT


-  INDICATES NEGATIVE NUMBERS.
R  INDICATES RECORD WAS SET OR TIED.
MM INDICATES DATA IS MISSING.
T  INDICATES TRACE AMOUNT.




$$
