000
CDUS44 KMOB 280628
CLIMOB


CLIMATE REPORT
NATIONAL WEATHER SERVICE MOBILE AL
128 AM CDT MON MAY 28 2018


...................................

...THE MOBILE CLIMATE SUMMARY FOR MAY 27 2018...

CLIMATE NORMAL PERIOD 1981 TO 2010
CLIMATE RECORD PERIOD 1842 TO 2018


WEATHER ITEM   OBSERVED TIME   RECORD YEAR NORMAL DEPARTURE LAST
                VALUE   (LST)  VALUE       VALUE  FROM      YEAR
                                                  NORMAL
..................................................................
TEMPERATURE (F)
 YESTERDAY
  MAXIMUM         89    407 PM 100    1953  87      2       88
  MINIMUM         71    534 AM  49    1961  67      4       70
  AVERAGE         80                        77      3       79

PRECIPITATION (IN)
  YESTERDAY        0.05          3.89 1976   0.17  -0.12     0.00
  MONTH TO DATE    4.88                      4.42   0.46    10.29
  SINCE MAR 1     11.66                     15.35  -3.69    19.19
  SINCE JAN 1     21.24                     26.12  -4.88    31.40

DEGREE DAYS
 COOLING
  YESTERDAY       15                        12      3       14
  MONTH TO DATE  326                       238     88      212
  SINCE MAR 1    440                       381     59      472
  SINCE JAN 1    547                       397    150      547
..................................................................


WIND (MPH)
  HIGHEST WIND SPEED    25   HIGHEST WIND DIRECTION     E (90)
  HIGHEST GUST SPEED    34   HIGHEST GUST DIRECTION     E (90)
  AVERAGE WIND SPEED    10.1


SKY COVER
  POSSIBLE SUNSHINE  MM
  AVERAGE SKY COVER 0.5


WEATHER CONDITIONS
 THE FOLLOWING WEATHER WAS RECORDED YESTERDAY.
  RAIN
  LIGHT RAIN
  FOG
  HAZE


RELATIVE HUMIDITY (PERCENT)
 HIGHEST    93          1200 AM
 LOWEST     50           100 PM
 AVERAGE    72

..........................................................


THE MOBILE CLIMATE NORMALS FOR TODAY
                         NORMAL    RECORD    YEAR
 MAXIMUM TEMPERATURE (F)   87        98      1962
 MINIMUM TEMPERATURE (F)   67        50      1961


SUNRISE AND SUNSET
MAY 28 2018...........SUNRISE   552 AM CDT   SUNSET   749 PM CDT
MAY 29 2018...........SUNRISE   552 AM CDT   SUNSET   749 PM CDT


-  INDICATES NEGATIVE NUMBERS.
R  INDICATES RECORD WAS SET OR TIED.
MM INDICATES DATA IS MISSING.
T  INDICATES TRACE AMOUNT.




$$
