000
CDUS43 KBIS 270025
CLIMOT


CLIMATE REPORT
NATIONAL WEATHER SERVICE BISMARCK ND
725 PM CDT THU APR 26 2018


...................................

...THE MINOT ND CLIMATE SUMMARY FOR APRIL 26 2018...
VALID TODAY AS OF 0500 PM LOCAL TIME.

CLIMATE NORMAL PERIOD 1981 TO 2010
CLIMATE RECORD PERIOD 1897 TO 2018


WEATHER ITEM   OBSERVED TIME   RECORD YEAR NORMAL DEPARTURE LAST
                VALUE   (LST)  VALUE       VALUE  FROM      YEAR
                                                  NORMAL
..................................................................
TEMPERATURE (F)
 TODAY
  MAXIMUM         71    516 PM  90    1910  60     11       51
  MINIMUM         34    600 AM  12    1931  36     -2       25
  AVERAGE         53                        48      5       38

PRECIPITATION (IN)
  TODAY            0.00          1.85 1975   0.05  -0.05     0.00
  MONTH TO DATE    0.01                      0.92  -0.91     0.29
  SINCE MAR 1      0.64                      1.76  -1.12     0.60
  SINCE JAN 1      0.75                      2.67  -1.92     0.74

DEGREE DAYS
 HEATING
  TODAY           12                        17     -5       27
  MONTH TO DATE  853                       588    265      542
  SINCE MAR 1   2090                      1727    363     1693
  SINCE JUL 1   8608                      8303    305     7629

 COOLING
  TODAY            0                         0      0        0
  MONTH TO DATE    0                         0      0        0
  SINCE MAR 1      0                         0      0        0
  SINCE JAN 1      0                         0      0        0
..................................................................


WIND (MPH)
  RESULTANT WIND SPEED  14   RESULTANT WIND DIRECTION   W (280)
  HIGHEST WIND SPEED    31   HIGHEST WIND DIRECTION     W (280)
  HIGHEST GUST SPEED    47   HIGHEST GUST DIRECTION     W (270)
  AVERAGE WIND SPEED    14.4


SKY COVER
  POSSIBLE SUNSHINE  MM
  AVERAGE SKY COVER 0.1


WEATHER CONDITIONS
 THE FOLLOWING WEATHER WAS RECORDED TODAY.
  NO SIGNIFICANT WEATHER WAS OBSERVED.


RELATIVE HUMIDITY (PERCENT)
 HIGHEST    82           600 AM
 LOWEST     18           300 PM
 AVERAGE    50

..........................................................


THE MINOT ND CLIMATE NORMALS FOR TOMORROW
                         NORMAL    RECORD    YEAR
 MAXIMUM TEMPERATURE (F)   61        91      1910
 MINIMUM TEMPERATURE (F)   36        10      1909


SUNRISE AND SUNSET
APRIL 26 2018.........SUNRISE   635 AM CDT   SUNSET   852 PM CDT
APRIL 27 2018.........SUNRISE   633 AM CDT   SUNSET   853 PM CDT


-  INDICATES NEGATIVE NUMBERS.
R  INDICATES RECORD WAS SET OR TIED.
MM INDICATES DATA IS MISSING.
T  INDICATES TRACE AMOUNT.




$$
