000
CDUS41 KBTV 190526
CLIMVL


CLIMATE REPORT
NATIONAL WEATHER SERVICE BURLINGTON VT
125 AM EDT THU APR 19 2018


...................................

...THE MORRISVILLE VT CLIMATE SUMMARY FOR APRIL 18 2018...

CLIMATE NORMAL PERIOD 1981 TO 2010
CLIMATE RECORD PERIOD 9999 TO 9999


WEATHER ITEM   OBSERVED TIME   NORMAL DEPARTURE LAST
                VALUE   (LST)  VALUE  FROM      YEAR
                                      NORMAL
......................................................
TEMPERATURE (F)
 YESTERDAY
  MAXIMUM         44    418 PM  55    -11       51
  MINIMUM         31    500 AM  31      0       30
  AVERAGE         38            43     -5       41

PRECIPITATION (IN)
  YESTERDAY        T             0.07  -0.07     0.00
  MONTH TO DATE    2.54          1.49   1.05     2.38
  SINCE MAR 1      5.03          3.16   1.87     3.38
  SINCE JAN 1     10.12          7.44   2.68     6.45

DEGREE DAYS
 HEATING
  YESTERDAY       27            22      5       24
  MONTH TO DATE  557           466     91      380
  SINCE MAR 1   1731          1593    138     1688
  SINCE JUL 1   7336          7553   -217     6911

 COOLING
  YESTERDAY        0             0      0        0
  MONTH TO DATE    0             0      0        0
  SINCE MAR 1      0             0      0        0
  SINCE JAN 1      0             0      0        0
......................................................


WIND (MPH)
  HIGHEST WIND SPEED    17   HIGHEST WIND DIRECTION    SW (220)
  HIGHEST GUST SPEED    25   HIGHEST GUST DIRECTION    SW (210)
  AVERAGE WIND SPEED     8.1


SKY COVER
  AVERAGE SKY COVER 1.0


WEATHER CONDITIONS
 THE FOLLOWING WEATHER WAS RECORDED YESTERDAY.
  LIGHT RAIN


RELATIVE HUMIDITY (PERCENT)
 HIGHEST    75           900 AM
 LOWEST     60           100 PM
 AVERAGE    68

..........................................................


THE MORRISVILLE VT CLIMATE NORMALS FOR TODAY
                         NORMAL    RECORD    YEAR
 MAXIMUM TEMPERATURE (F)   56        84      2002
 MINIMUM TEMPERATURE (F)   32        24      2001


SUNRISE AND SUNSET
APRIL 19 2018.........SUNRISE   600 AM EDT   SUNSET   740 PM EDT
APRIL 20 2018.........SUNRISE   558 AM EDT   SUNSET   741 PM EDT


-  INDICATES NEGATIVE NUMBERS.
R  INDICATES RECORD WAS SET OR TIED.
MM INDICATES DATA IS MISSING.
T  INDICATES TRACE AMOUNT.




$$
