000
CDUS46 KOTX 210833
CLIMWH


CLIMATE REPORT
NATIONAL WEATHER SERVICE SPOKANE, WA
131 AM PDT SAT APR 21 2018


...................................

...THE MOSES LAKE WA AIRPORT CLIMATE SUMMARY FOR APRIL 20 2018...

CLIMATE NORMAL PERIOD 1981 TO 2010
CLIMATE RECORD PERIOD 9999 TO 9999


WEATHER ITEM   OBSERVED TIME   RECORD YEAR NORMAL DEPARTURE LAST
                VALUE   (LST)  VALUE       VALUE  FROM      YEAR
                                                  NORMAL
..................................................................
TEMPERATURE (F)
 YESTERDAY
  MAXIMUM         68    359 PM  MM      MM  65      3       65
  MINIMUM         38    458 AM  MM      MM  38      0       44
  AVERAGE         53                        51      2       55

PRECIPITATION (IN)
  YESTERDAY        0.00         MM      MM   0.03  -0.03     0.01
  MONTH TO DATE    1.12                      0.48   0.64     0.94
  SINCE OCT 1      6.94                      6.49   0.45     8.84
  SINCE JAN 1      3.77                      3.20   0.57     4.95

DEGREE DAYS
 HEATING
  YESTERDAY       12                        14     -2       10
  MONTH TO DATE  320                       320      0      314
  SINCE MAR 1    974                       987    -13      962
  SINCE JUL 1   5256                      5492   -236     5813

 COOLING
  YESTERDAY        0                         0      0        0
  MONTH TO DATE    0                         0      0        0
  SINCE MAR 1      0                         0      0        0
  SINCE JAN 1      0                         0      0        0
..................................................................


WIND (MPH)
  HIGHEST WIND SPEED    13   HIGHEST WIND DIRECTION     S (180)
  HIGHEST GUST SPEED    18   HIGHEST GUST DIRECTION     S (170)
  AVERAGE WIND SPEED     6.2


SKY COVER
  POSSIBLE SUNSHINE  MM
  AVERAGE SKY COVER 0.2


WEATHER CONDITIONS
 THE FOLLOWING WEATHER WAS RECORDED YESTERDAY.
  NO SIGNIFICANT WEATHER WAS OBSERVED.


RELATIVE HUMIDITY (PERCENT)
 HIGHEST    82           500 AM
 LOWEST     22           400 PM
 AVERAGE    52

..........................................................


THE MOSES LAKE WA AIRPORT CLIMATE NORMALS FOR TODAY
                         NORMAL    RECORD    YEAR
 MAXIMUM TEMPERATURE (F)   65        MM        MM
 MINIMUM TEMPERATURE (F)   38        MM        MM


SUNRISE AND SUNSET
APRIL 21 2018.........SUNRISE   558 AM PDT   SUNSET   755 PM PDT
APRIL 22 2018.........SUNRISE   556 AM PDT   SUNSET   756 PM PDT


-  INDICATES NEGATIVE NUMBERS.
R  INDICATES RECORD WAS SET OR TIED.
MM INDICATES DATA IS MISSING.
T  INDICATES TRACE AMOUNT.




$$
