000
CDUS46 KMTR 260035
CLINUQ


CLIMATE REPORT
NATIONAL WEATHER SERVICE SAN FRANCISCO BAY AREA
535 PM PDT FRI MAY 25 2018


...................................

...THE MOFFETT FIELD CLIMATE SUMMARY FOR MAY 25 2018...
VALID TODAY AS OF 0500 PM LOCAL TIME.

CLIMATE NORMAL PERIOD 1981 TO 2010
CLIMATE RECORD PERIOD 1945 TO 2018


WEATHER ITEM   OBSERVED TIME   RECORD YEAR NORMAL DEPARTURE LAST
                VALUE   (LST)  VALUE       VALUE  FROM      YEAR
                                                  NORMAL
..................................................................
TEMPERATURE (F)
 TODAY
  MAXIMUM         65    342 PM  93    1951  73     -8       71
  MINIMUM         55    450 AM  44    1980  54      1       54
  AVERAGE         60                        64     -4       63

PRECIPITATION (IN)
  TODAY            T             0.35 1953   0.01  -0.01     0.00
  MONTH TO DATE    T                         0.42  -0.42     0.00
  SINCE OCT 1      8.20                     14.32  -6.12    18.13
  SINCE JAN 1      6.25                      9.48  -3.23    13.56

DEGREE DAYS
 HEATING
  TODAY            5                                         2
  MONTH TO DATE   99                                        61
  SINCE MAR 1    587                                       458
  SINCE JUL 1   1998                                      1986

 COOLING
  TODAY            0                                         0
  MONTH TO DATE    3                                        51
  SINCE MAR 1      8                                        53
  SINCE JAN 1      8                                        53
..................................................................


WIND (MPH)
  RESULTANT WIND SPEED   2   RESULTANT WIND DIRECTION   W (270)
  HIGHEST WIND SPEED    13   HIGHEST WIND DIRECTION     N (20)
  HIGHEST GUST SPEED    18   HIGHEST GUST DIRECTION     N (20)
  AVERAGE WIND SPEED     4.9


SKY COVER
  POSSIBLE SUNSHINE  MM
  AVERAGE SKY COVER 1.0


WEATHER CONDITIONS
 THE FOLLOWING WEATHER WAS RECORDED TODAY.
  LIGHT RAIN


RELATIVE HUMIDITY (PERCENT)
 HIGHEST    77           200 AM
 LOWEST     56           300 PM
 AVERAGE    67

..........................................................


THE MOFFETT FIELD CLIMATE NORMALS FOR TOMORROW
                         NORMAL    RECORD    YEAR
 MAXIMUM TEMPERATURE (F)   73        89      1974
 MINIMUM TEMPERATURE (F)   54        42      1953


SUNRISE AND SUNSET
MAY 25 2018...........SUNRISE   552 AM PDT   SUNSET   819 PM PDT
MAY 26 2018...........SUNRISE   552 AM PDT   SUNSET   819 PM PDT


-  INDICATES NEGATIVE NUMBERS.
R  INDICATES RECORD WAS SET OR TIED.
MM INDICATES DATA IS MISSING.
T  INDICATES TRACE AMOUNT.




$$
