000
CDUS41 KOKX 220617
CLINYC


CLIMATE REPORT
NATIONAL WEATHER SERVICE NEW YORK NY
217 AM EDT TUE MAY 22 2018


...................................

...THE CENTRAL PARK NY CLIMATE SUMMARY FOR MAY 21 2018...

CLIMATE NORMAL PERIOD 1981 TO 2010
CLIMATE RECORD PERIOD 1869 TO 2018


WEATHER ITEM   OBSERVED TIME   RECORD YEAR NORMAL DEPARTURE LAST
                VALUE   (LST)  VALUE       VALUE  FROM      YEAR
                                                  NORMAL
..................................................................
TEMPERATURE (F)
 YESTERDAY
  MAXIMUM         79    204 PM  93    1996  72      7       69
  MINIMUM         58    502 AM  40    1907  55      3       52
  AVERAGE         69                        64      5       61

PRECIPITATION (IN)
  YESTERDAY        0.00          1.94 1883   0.14  -0.14     0.00
  MONTH TO DATE    2.41                      2.70  -0.29     4.85
  SINCE MAR 1     13.36                     11.56   1.80    13.94
  SINCE JAN 1     21.37                     18.30   3.07    21.25

SNOWFALL (IN)
  YESTERDAY        0.0           0.0  2002   0.0    0.0      0.0
                                      2001
  MONTH TO DATE    0.0                       0.0    0.0      0.0
  SINCE OCT 1     40.9                      25.8   15.1     30.2
  SINCE JUL 1     40.9                      25.8   15.1     30.2
  SNOW DEPTH       0

DEGREE DAYS
 HEATING
  YESTERDAY        0                         3     -3        4
  MONTH TO DATE   55                       112    -57      133
  SINCE MAR 1   1286                      1183    103     1187
  SINCE JUL 1   4532                      4705   -173     4170

 COOLING
  YESTERDAY        4                         2      2        0
  MONTH TO DATE   68                        28     40       53
  SINCE MAR 1     74                        40     34       87
  SINCE JAN 1     76                        40     36       87
..................................................................


WIND (MPH)
  HIGHEST WIND SPEED    10   HIGHEST WIND DIRECTION    SW (240)
  HIGHEST GUST SPEED    17   HIGHEST GUST DIRECTION    SW (240)
  AVERAGE WIND SPEED     2.4


SKY COVER
  AVERAGE SKY COVER 0.0


WEATHER CONDITIONS
 THE FOLLOWING WEATHER WAS RECORDED YESTERDAY.
  NO SIGNIFICANT WEATHER WAS OBSERVED.


RELATIVE HUMIDITY (PERCENT)
 HIGHEST    86           500 AM
 LOWEST     29           100 PM
 AVERAGE    58

..........................................................


THE CENTRAL PARK NY CLIMATE NORMALS FOR TODAY
                         NORMAL    RECORD    YEAR
 MAXIMUM TEMPERATURE (F)   72        96      1941
 MINIMUM TEMPERATURE (F)   56        44      1990


SUNRISE AND SUNSET
MAY 22 2018...........SUNRISE   533 AM EDT   SUNSET   813 PM EDT
MAY 23 2018...........SUNRISE   532 AM EDT   SUNSET   814 PM EDT


-  INDICATES NEGATIVE NUMBERS.
R  INDICATES RECORD WAS SET OR TIED.
MM INDICATES DATA IS MISSING.
T  INDICATES TRACE AMOUNT.




$$
