000
CDUS43 KOAX 200631
CLIOAX


CLIMATE REPORT
NATIONAL WEATHER SERVICE OMAHA NEBRASKA
130 AM CDT FRI APR 20 2018


...................................

...THE VALLEY  NWS, NEBRASKA CLIMATE SUMMARY FOR APRIL 19 2018...

CLIMATE NORMAL PERIOD 1981 TO 2010
CLIMATE RECORD PERIOD 1997 TO 2018


WEATHER ITEM   OBSERVED TIME   NORMAL DEPARTURE LAST
                VALUE   (LST)  VALUE  FROM      YEAR
                                      NORMAL
......................................................
TEMPERATURE (F)
 YESTERDAY
  MAXIMUM         57    441 PM  63     -6       72
  MINIMUM         30    511 AM  41    -11       49
  AVERAGE         44            52     -8       61

PRECIPITATION (IN)
  YESTERDAY        0.00          0.10  -0.10     0.41
  MONTH TO DATE    0.41          1.71  -1.30     1.95
  SINCE MAR 1      3.38          3.71  -0.33     4.48
  SINCE JAN 1      5.56          5.42   0.14     6.19

SNOWFALL (IN)
  YESTERDAY        0.0                           0.0
  MONTH TO DATE    1.5                           0.0
  SINCE JUL 1     24.1                          11.8
  SNOW DEPTH       0

DEGREE DAYS
 HEATING
  YESTERDAY       21            13      8        4
  MONTH TO DATE  513           316    197      177
  SINCE MAR 1   1280          1144    136      857
  SINCE JUL 1   5957          5975    -18     4734

 COOLING
  YESTERDAY        0             0      0        0
  MONTH TO DATE    0             0      0        3
  SINCE MAR 1      0             0      0        3
  SINCE JAN 1      0             0      0        3
......................................................


WIND (MPH)
  HIGHEST WIND SPEED    MM   HIGHEST WIND DIRECTION    MM
  HIGHEST GUST SPEED    15   HIGHEST GUST DIRECTION    MM


SKY COVER
  POSSIBLE SUNSHINE  MM


WEATHER CONDITIONS
 THE FOLLOWING WEATHER WAS RECORDED YESTERDAY.
  NO SIGNIFICANT WEATHER WAS OBSERVED.


..........................................................


THE VALLEY  NWS, NEBRASKA CLIMATE NORMALS FOR TODAY
                         NORMAL
 MAXIMUM TEMPERATURE (F)   63
 MINIMUM TEMPERATURE (F)   41


SUNRISE AND SUNSET
APRIL 20 2018.........SUNRISE   638 AM CDT   SUNSET   811 PM CDT
APRIL 21 2018.........SUNRISE   637 AM CDT   SUNSET   812 PM CDT


-  INDICATES NEGATIVE NUMBERS.
R  INDICATES RECORD WAS SET OR TIED.
MM INDICATES DATA IS MISSING.
T  INDICATES TRACE AMOUNT.




$$
