000
CDUS43 KGID 250650
CLIODX


CLIMATE REPORT
NATIONAL WEATHER SERVICE HASTINGS NE
149 AM CDT FRI MAY 25 2018


...................................

...THE ORD NE CLIMATE SUMMARY FOR MAY 24 2018...

CLIMATE NORMAL PERIOD 1981 TO 2010
CLIMATE RECORD PERIOD 1895 TO 2018


WEATHER ITEM   OBSERVED TIME   NORMAL DEPARTURE LAST
                VALUE   (LST)  VALUE  FROM      YEAR
                                      NORMAL
......................................................
TEMPERATURE (F)
 YESTERDAY
  MAXIMUM         86    331 PM  74     12       67
  MINIMUM         63    706 AM  50     13       37
  AVERAGE         75            62     13       52

PRECIPITATION (IN)
  YESTERDAY        T             0.15  -0.15     0.00
  MONTH TO DATE    4.34          2.79   1.55     2.99
  SINCE MAR 1      6.43          6.83  -0.40     9.07
  SINCE JAN 1      7.79          7.64   0.15    11.01

DEGREE DAYS
 HEATING
  YESTERDAY        0             5     -5       13
  MONTH TO DATE  128           191    -63      225
  SINCE MAR 1   1692          1527    165     1403
  SINCE JUL 1   6829          6544    285     5914

 COOLING
  YESTERDAY       10             2      8        0
  MONTH TO DATE   37            25     12       14
  SINCE MAR 1     42            27     15       14
  SINCE JAN 1     42            27     15       14
......................................................


WIND (MPH)
  HIGHEST WIND SPEED    22   HIGHEST WIND DIRECTION     S (180)
  HIGHEST GUST SPEED    31   HIGHEST GUST DIRECTION     S (180)
  AVERAGE WIND SPEED     8.5


SKY COVER
  AVERAGE SKY COVER 0.2


WEATHER CONDITIONS
 THE FOLLOWING WEATHER WAS RECORDED YESTERDAY.
  THUNDERSTORM
  LIGHT RAIN


RELATIVE HUMIDITY (PERCENT)
 HIGHEST    93           300 AM
 LOWEST     44           300 PM
 AVERAGE    69

..........................................................


THE ORD NE CLIMATE NORMALS FOR TODAY
                         NORMAL
 MAXIMUM TEMPERATURE (F)   75
 MINIMUM TEMPERATURE (F)   50


SUNRISE AND SUNSET
MAY 25 2018...........SUNRISE   608 AM CDT   SUNSET   858 PM CDT
MAY 26 2018...........SUNRISE   607 AM CDT   SUNSET   859 PM CDT


-  INDICATES NEGATIVE NUMBERS.
R  INDICATES RECORD WAS SET OR TIED.
MM INDICATES DATA IS MISSING.
T  INDICATES TRACE AMOUNT.




$$
