000
CDUS43 KOAX 262227
CLIOFK


CLIMATE REPORT
NATIONAL WEATHER SERVICE OMAHA NEBRASKA
526 PM CDT THU APR 26 2018


...................................

...THE NORFOLK, NEBRASKA CLIMATE SUMMARY FOR APRIL 26 2018...
VALID TODAY AS OF 0500 PM LOCAL TIME.

CLIMATE NORMAL PERIOD 1981 TO 2010
CLIMATE RECORD PERIOD 1888 TO 2018


WEATHER ITEM   OBSERVED TIME   RECORD YEAR NORMAL DEPARTURE LAST
                VALUE   (LST)  VALUE       VALUE  FROM      YEAR
                                                  NORMAL
..................................................................
TEMPERATURE (F)
 TODAY
  MAXIMUM         64    306 PM  94    1981  66     -2       42
  MINIMUM         41    603 AM  25    1950  42     -1       33
                                      1907
  AVERAGE         53                        54     -1       38

PRECIPITATION (IN)
  TODAY            0.00          1.20 1924   0.10  -0.10     0.00
  MONTH TO DATE    1.32                      2.25  -0.93     1.78
  SINCE MAR 1      2.95                      4.02  -1.07     2.99
  SINCE JAN 1      4.67                      5.37  -0.70     5.23

SNOWFALL (IN)
  TODAY            0.0                       0.1   -0.1      0.0
  MONTH TO DATE   10.9                       2.5    8.4       T
  SINCE JUL 1     45.2                      30.4   14.8     30.2
  SNOW DEPTH       0

DEGREE DAYS
 HEATING
  TODAY           12                        12      0       27
  MONTH TO DATE  684                       428    256      361
  SINCE MAR 1   1539                      1284    255     1127
  SINCE JUL 1   6739                      6377    362     5582

 COOLING
  TODAY            0                         1     -1        0
  MONTH TO DATE    0                         8     -8        0
  SINCE MAR 1      0                         8     -8        0
  SINCE JAN 1      0                         8     -8        0
..................................................................


WIND (MPH)
  HIGHEST WIND SPEED    32   HIGHEST WIND DIRECTION     N (350)
  HIGHEST GUST SPEED    45   HIGHEST GUST DIRECTION     N (350)
  AVERAGE WIND SPEED    16.3


SKY COVER
  POSSIBLE SUNSHINE  MM
  AVERAGE SKY COVER 0.1


WEATHER CONDITIONS
 THE FOLLOWING WEATHER WAS RECORDED TODAY.
  NO SIGNIFICANT WEATHER WAS OBSERVED.


RELATIVE HUMIDITY (PERCENT)
 HIGHEST    76           400 AM
 LOWEST     24           300 PM
 AVERAGE    50

..........................................................


THE NORFOLK, NEBRASKA CLIMATE NORMALS FOR TOMORROW
                         NORMAL    RECORD    YEAR
 MAXIMUM TEMPERATURE (F)   66        94      1989
 MINIMUM TEMPERATURE (F)   42        19      1928


SUNRISE AND SUNSET
APRIL 26 2018.........SUNRISE   633 AM CDT   SUNSET   823 PM CDT
APRIL 27 2018.........SUNRISE   631 AM CDT   SUNSET   824 PM CDT


-  INDICATES NEGATIVE NUMBERS.
R  INDICATES RECORD WAS SET OR TIED.
MM INDICATES DATA IS MISSING.
T  INDICATES TRACE AMOUNT.




$$
