000
CDUS43 KEAX 260031
CLIOJC


CLIMATE REPORT
NATIONAL WEATHER SERVICE KANSAS CITY/PLEASANT HILL MO
731 PM CDT FRI MAY 25 2018


...................................

...THE JOHNSON COUNTY EXECUTIVE KS CLIMATE SUMMARY FOR MAY 25 2018...
VALID TODAY AS OF 0700 PM LOCAL TIME.

CLIMATE NORMAL PERIOD 1981 TO 2010
CLIMATE RECORD PERIOD 9999 TO 9999


WEATHER ITEM   OBSERVED TIME   NORMAL DEPARTURE LAST
                VALUE   (LST)  VALUE  FROM      YEAR
                                      NORMAL
......................................................
TEMPERATURE (F)
 TODAY
  MAXIMUM         83    512 PM  77      6       75
  MINIMUM         64    618 AM  58      6       45
  AVERAGE         74            68      6       60

PRECIPITATION (IN)
  TODAY            1.50          0.15   1.35     0.00
  MONTH TO DATE    3.70          4.41  -0.71     3.14
  SINCE MAR 1      7.85         11.03  -3.18    11.25
  SINCE JAN 1      9.26         13.72  -4.46    12.17

DEGREE DAYS
 HEATING
  TODAY            0             2     -2        5
  MONTH TO DATE    0            87    -87      100
  SINCE MAR 1   1175          1025    150      878
  SINCE JUL 1   5063          4918    145     4018

 COOLING
  TODAY            9             4      5        0
  MONTH TO DATE  166            56    110       50
  SINCE MAR 1    172            74     98       76
  SINCE JAN 1    172            74     98       76
......................................................


WIND (MPH)
  HIGHEST WIND SPEED    18   HIGHEST WIND DIRECTION     E (100)
  HIGHEST GUST SPEED    24   HIGHEST GUST DIRECTION     E (100)
  AVERAGE WIND SPEED     7.2


SKY COVER
  AVERAGE SKY COVER 0.3


WEATHER CONDITIONS
 THE FOLLOWING WEATHER WAS RECORDED TODAY.
  THUNDERSTORM
  HEAVY RAIN
  RAIN
  LIGHT RAIN
  FOG


RELATIVE HUMIDITY (PERCENT)
 HIGHEST   100           200 AM
 LOWEST     51           500 PM
 AVERAGE    76

..........................................................


THE JOHNSON COUNTY EXECUTIVE KS CLIMATE NORMALS FOR TOMORROW
                         NORMAL
 MAXIMUM TEMPERATURE (F)   78
 MINIMUM TEMPERATURE (F)   58


SUNRISE AND SUNSET
MAY 25 2018...........SUNRISE   559 AM CDT   SUNSET   833 PM CDT
MAY 26 2018...........SUNRISE   558 AM CDT   SUNSET   834 PM CDT


-  INDICATES NEGATIVE NUMBERS.
R  INDICATES RECORD WAS SET OR TIED.
MM INDICATES DATA IS MISSING.
T  INDICATES TRACE AMOUNT.




$$
