000
CDUS43 KOAX 222134
CLIOMA


CLIMATE REPORT
NATIONAL WEATHER SERVICE OMAHA NEBRASKA
433 PM CDT SUN APR 22 2018


...................................

...THE OMAHA EPPLEY, NEBRASKA CLIMATE SUMMARY FOR APRIL 22 2018...
VALID TODAY AS OF 0400 PM LOCAL TIME.

CLIMATE NORMAL PERIOD 1981 TO 2010
CLIMATE RECORD PERIOD 1871 TO 2018


WEATHER ITEM   OBSERVED TIME   RECORD YEAR NORMAL DEPARTURE LAST
                VALUE   (LST)  VALUE       VALUE  FROM      YEAR
                                                  NORMAL
..................................................................
TEMPERATURE (F)
 TODAY
  MAXIMUM         71    123 PM  96    1989  66      5       69
  MINIMUM         40    547 AM  23    1992  42     -2       39
  AVERAGE         56                        54      2       54

PRECIPITATION (IN)
  TODAY            0.00          1.25 2013   0.11  -0.11     0.00
  MONTH TO DATE    0.10                      2.01  -1.91     0.93
  SINCE MAR 1      2.92                      4.00  -1.08     3.32
  SINCE JAN 1      4.66                      5.57  -0.91     5.22

SNOWFALL (IN)
  TODAY            0.0                       0.0    0.0      0.0
  MONTH TO DATE    1.5                       0.9    0.6      0.0
  SINCE JUL 1     17.0                      26.3   -9.3     11.4
  SNOW DEPTH       0

DEGREE DAYS
 HEATING
  TODAY            9                        11     -2       11
  MONTH TO DATE  548                       333    215      191
  SINCE MAR 1   1304                      1124    180      854
  SINCE JUL 1   5951                      5922     29     4681

 COOLING
  TODAY            0                         1     -1        0
  MONTH TO DATE    0                         6     -6        8
  SINCE MAR 1      0                         7     -7        8
  SINCE JAN 1      0                         7     -7        8
..................................................................


WIND (MPH)
  HIGHEST WIND SPEED    16   HIGHEST WIND DIRECTION    NE (50)
  HIGHEST GUST SPEED    24   HIGHEST GUST DIRECTION     E (70)
  AVERAGE WIND SPEED     8.6


SKY COVER
  POSSIBLE SUNSHINE  MM
  AVERAGE SKY COVER 0.8


WEATHER CONDITIONS
 THE FOLLOWING WEATHER WAS RECORDED TODAY.
  NO SIGNIFICANT WEATHER WAS OBSERVED.


RELATIVE HUMIDITY (PERCENT)
 HIGHEST    70           600 AM
 LOWEST     23           300 PM
 AVERAGE    47

..........................................................


THE OMAHA EPPLEY, NEBRASKA CLIMATE NORMALS FOR TOMORROW
                         NORMAL    RECORD    YEAR
 MAXIMUM TEMPERATURE (F)   66        90      1950
 MINIMUM TEMPERATURE (F)   43        28      2013
                                             1893


SUNRISE AND SUNSET
APRIL 22 2018.........SUNRISE   633 AM CDT   SUNSET   811 PM CDT
APRIL 23 2018.........SUNRISE   632 AM CDT   SUNSET   812 PM CDT


-  INDICATES NEGATIVE NUMBERS.
R  INDICATES RECORD WAS SET OR TIED.
MM INDICATES DATA IS MISSING.
T  INDICATES TRACE AMOUNT.




$$
