000
CDUS46 KOTX 230821
CLIOMK


CLIMATE REPORT
NATIONAL WEATHER SERVICE SPOKANE, WA
121 AM PDT MON APR 23 2018


...................................

...THE OMAK WA AIRPORT CLIMATE SUMMARY FOR APRIL 22 2018...

CLIMATE NORMAL PERIOD 1981 TO 2010
CLIMATE RECORD PERIOD 9999 TO 9999


WEATHER ITEM   OBSERVED TIME   RECORD YEAR NORMAL DEPARTURE LAST
                VALUE   (LST)  VALUE       VALUE  FROM      YEAR
                                                  NORMAL
..................................................................
TEMPERATURE (F)
 YESTERDAY
  MAXIMUM         63    445 PM  93    1934  65     -2       65
  MINIMUM         35    147 AM  21    1972  38     -3       41
  AVERAGE         49                        51     -2       53

PRECIPITATION (IN)
  YESTERDAY        0.00                      0.04  -0.04      T
  MONTH TO DATE    2.01                      0.75   1.26     2.64
  SINCE OCT 1     11.76                     10.13   1.63    15.06
  SINCE JAN 1      8.38                      5.24   3.14     8.58

SNOWFALL (IN)
  YESTERDAY       MM

DEGREE DAYS
 HEATING
  YESTERDAY       16                        14      2       12
  MONTH TO DATE  390                       349     41      381
  SINCE MAR 1   1132                      1078     54     1148
  SINCE JUL 1   5853                      5939    -86     6083

 COOLING
  YESTERDAY        0                         0      0        0
  MONTH TO DATE    0                         0      0        0
  SINCE MAR 1      0                         0      0        0
  SINCE JAN 1      0                         0      0        0
..................................................................


WIND (MPH)
  HIGHEST WIND SPEED    21   HIGHEST WIND DIRECTION     N (10)
  HIGHEST GUST SPEED    28   HIGHEST GUST DIRECTION    NE (40)
  AVERAGE WIND SPEED     9.7


SKY COVER
  POSSIBLE SUNSHINE  MM
  AVERAGE SKY COVER 0.0


WEATHER CONDITIONS
 THE FOLLOWING WEATHER WAS RECORDED YESTERDAY.
  NO SIGNIFICANT WEATHER WAS OBSERVED.


RELATIVE HUMIDITY (PERCENT)
 HIGHEST    70           200 AM
 LOWEST     19           400 PM
 AVERAGE    45

..........................................................


THE OMAK WA AIRPORT CLIMATE NORMALS FOR TODAY
                         NORMAL    RECORD    YEAR
 MAXIMUM TEMPERATURE (F)   65        96      1934
 MINIMUM TEMPERATURE (F)   38        25      1972


SUNRISE AND SUNSET
APRIL 23 2018.........SUNRISE   553 AM PDT   SUNSET   801 PM PDT
APRIL 24 2018.........SUNRISE   551 AM PDT   SUNSET   803 PM PDT


-  INDICATES NEGATIVE NUMBERS.
R  INDICATES RECORD WAS SET OR TIED.
MM INDICATES DATA IS MISSING.
T  INDICATES TRACE AMOUNT.




$$
