000
CDUS41 KAKQ 230545
CLIORF


CLIMATE REPORT
NATIONAL WEATHER SERVICE WAKEFIELD, VA
145 AM EDT WED MAY 23 2018


...................................

...THE NORFOLK VA CLIMATE SUMMARY FOR MAY 22 2018...

CLIMATE NORMAL PERIOD 1981 TO 2010
CLIMATE RECORD PERIOD 1871 TO 2018


WEATHER ITEM   OBSERVED TIME   RECORD YEAR NORMAL DEPARTURE LAST
                VALUE   (LST)  VALUE       VALUE  FROM      YEAR
                                                  NORMAL
..................................................................
TEMPERATURE (F)
 YESTERDAY
  MAXIMUM         85    441 PM  97    1941  77      8       81
  MINIMUM         67    605 AM  44    1950  60      7       66
  AVERAGE         76                        68      8       74

PRECIPITATION (IN)
  YESTERDAY        T             1.42 1921   0.12  -0.12     0.48
  MONTH TO DATE    5.39                      2.32   3.07     4.46
  SINCE MAR 1     12.68                      9.41   3.27    12.65
  SINCE JAN 1     17.92                     15.93   1.99    17.72

SNOWFALL (IN)
  YESTERDAY        0.0           0.0  2002   0.0    0.0
                                      2001
  MONTH TO DATE    0.0                       0.0    0.0
  SINCE NOV 1     15.1                       5.8    9.3
  SINCE JUL 1     15.1                       5.8    9.3
  SNOW DEPTH       0

DEGREE DAYS
 HEATING
  YESTERDAY        0                         1     -1        0
  MONTH TO DATE   15                        62    -47       42
  SINCE MAR 1    835                       793     42      608
  SINCE JUL 1   3189                      3362   -173     2660

 COOLING
  YESTERDAY       11                         5      6        9
  MONTH TO DATE  176                        70    106      100
  SINCE MAR 1    210                       113     97      260
  SINCE JAN 1    225                       114    111      263
..................................................................


WIND (MPH)
  HIGHEST WIND SPEED    22   HIGHEST WIND DIRECTION     S (200)
  HIGHEST GUST SPEED    25   HIGHEST GUST DIRECTION     S (200)
  AVERAGE WIND SPEED     6.7


SKY COVER
  POSSIBLE SUNSHINE  MM
  AVERAGE SKY COVER 0.7


WEATHER CONDITIONS
 THE FOLLOWING WEATHER WAS RECORDED YESTERDAY.
  NO SIGNIFICANT WEATHER WAS OBSERVED.


RELATIVE HUMIDITY (PERCENT)
 HIGHEST    93          1200 AM
 LOWEST     65           500 PM
 AVERAGE    79

..........................................................


THE NORFOLK VA CLIMATE NORMALS FOR TODAY
                         NORMAL    RECORD    YEAR
 MAXIMUM TEMPERATURE (F)   77        95      1944
                                             1941
 MINIMUM TEMPERATURE (F)   60        45      2002


SUNRISE AND SUNSET
MAY 23 2018...........SUNRISE   551 AM EDT   SUNSET   812 PM EDT
MAY 24 2018...........SUNRISE   551 AM EDT   SUNSET   813 PM EDT


-  INDICATES NEGATIVE NUMBERS.
R  INDICATES RECORD WAS SET OR TIED.
MM INDICATES DATA IS MISSING.
T  INDICATES TRACE AMOUNT.




$$
