957
CDUS46 KMFR 260836
CLIOTH


CLIMATE REPORT
NATIONAL WEATHER SERVICE MEDFORD, OR
136 AM PDT SAT MAY 26 2018


...................................

...THE NORTH BEND OR CLIMATE SUMMARY FOR MAY 25 2018...

CLIMATE NORMAL PERIOD 1981 TO 2010
CLIMATE RECORD PERIOD 1902 TO 2018


WEATHER ITEM   OBSERVED TIME   RECORD YEAR NORMAL DEPARTURE LAST
                VALUE   (LST)  VALUE       VALUE  FROM      YEAR
                                                  NORMAL
..................................................................
TEMPERATURE (F)
 YESTERDAY
  MAXIMUM         60        MM  84    2005  60      0       61
  MINIMUM         50        MM  32    1920  48      2       50
  AVERAGE         55                        54      1       56

PRECIPITATION (IN)
  YESTERDAY        0.00          0.72 1960   0.10  -0.10     0.00
  MONTH TO DATE    0.01                      2.76  -2.75     4.57
  SINCE OCT 1     45.07                     59.63 -14.56    78.92
  SINCE JAN 1     26.17                     33.54  -7.37    44.77

SNOWFALL (IN)
  YESTERDAY       MM
  SNOW DEPTH      MM

DEGREE DAYS
 HEATING
  YESTERDAY       10                        11     -1        9
  MONTH TO DATE  236                       310    -74      268
  SINCE MAR 1   1219                      1322   -103     1108
  SINCE JUL 1   3905                      4496   -591     3884

 COOLING
  YESTERDAY        0                         0      0        0
  MONTH TO DATE    0                         0      0        0
  SINCE MAR 1      0                         0      0        0
  SINCE JAN 1      0                         0      0        0
..................................................................


WIND (MPH)
  HIGHEST WIND SPEED    18   HIGHEST WIND DIRECTION    NW (330)
  HIGHEST GUST SPEED    24   HIGHEST GUST DIRECTION    NW (330)
  AVERAGE WIND SPEED    11.4


SKY COVER
  POSSIBLE SUNSHINE  MM
  AVERAGE SKY COVER 1.0


WEATHER CONDITIONS
 THE FOLLOWING WEATHER WAS RECORDED YESTERDAY.
  NO SIGNIFICANT WEATHER WAS OBSERVED.


RELATIVE HUMIDITY (PERCENT)
 HIGHEST    89           100 AM
 LOWEST     67           600 PM

..........................................................


THE NORTH BEND OR CLIMATE NORMALS FOR TODAY
                         NORMAL    RECORD    YEAR
 MAXIMUM TEMPERATURE (F)   60        72      1919
 MINIMUM TEMPERATURE (F)   48        33      1922


SUNRISE AND SUNSET
MAY 26 2018...........SUNRISE   543 AM PDT   SUNSET   846 PM PDT
MAY 27 2018...........SUNRISE   542 AM PDT   SUNSET   847 PM PDT


-  INDICATES NEGATIVE NUMBERS.
R  INDICATES RECORD WAS SET OR TIED.
MM INDICATES DATA IS MISSING.
T  INDICATES TRACE AMOUNT.




$$
