000
CDUS45 KRIW 240840
CLIP60


CLIMATE REPORT
NATIONAL WEATHER SERVICE RIVERTON WY
235 AM MDT THU MAY 24 2018


...................................

...THE LAKE YELLOWSTONE WY CLIMATE SUMMARY FOR MAY 23 2018...

CLIMATE NORMAL PERIOD 1981 TO 2010
CLIMATE RECORD PERIOD 1998 TO 2018


WEATHER ITEM   OBSERVED TIME   RECORD YEAR NORMAL DEPARTURE LAST
                VALUE   (LST)  VALUE       VALUE  FROM      YEAR
                                                  NORMAL
..................................................................
TEMPERATURE (F)
 YESTERDAY
  MAXIMUM         41    103 AM  69    2001  54    -13       63
  MINIMUM         32   1144 AM  21    2010  30      2       26
  AVERAGE         37                        42     -5       45

PRECIPITATION (IN)
  YESTERDAY        1.15R         0.23 2012   0.07   1.08     0.00
  MONTH TO DATE    1.81                      1.61   0.20     0.88
  SINCE MAR 1      7.48                      4.90   2.58     6.76
  SINCE JAN 1     12.95                      8.42   4.53    17.00

DEGREE DAYS
 HEATING
  YESTERDAY       28                        23      5       20
  MONTH TO DATE  555                       601    -46      605
  SINCE MAR 1   3018                      2915    103     2761
  SINCE JUL 1  10997                     10852    145    10819

 COOLING
  YESTERDAY        0                         0      0        0
  MONTH TO DATE    0                         0      0        0
  SINCE MAR 1      0                         0      0        0
  SINCE JAN 1      0                         0      0        0
..................................................................


WIND (MPH)
  HIGHEST WIND SPEED     5   HIGHEST WIND DIRECTION    SE (130)
  HIGHEST GUST SPEED     7   HIGHEST GUST DIRECTION    SE (120)
  AVERAGE WIND SPEED     0.1


SKY COVER
  POSSIBLE SUNSHINE  MM
  AVERAGE SKY COVER 0.0


WEATHER CONDITIONS
 THE FOLLOWING WEATHER WAS RECORDED YESTERDAY.
  NO SIGNIFICANT WEATHER WAS OBSERVED.


RELATIVE HUMIDITY (PERCENT)
 HIGHEST   100           300 AM
 LOWEST     85          1200 AM
 AVERAGE    93

..........................................................


THE LAKE YELLOWSTONE WY CLIMATE NORMALS FOR TODAY
                         NORMAL    RECORD    YEAR
 MAXIMUM TEMPERATURE (F)   54        71      2001
 MINIMUM TEMPERATURE (F)   30        22      2007


SUNRISE AND SUNSET
MAY 24 2018...........SUNRISE   545 AM MDT   SUNSET   852 PM MDT
MAY 25 2018...........SUNRISE   544 AM MDT   SUNSET   853 PM MDT


-  INDICATES NEGATIVE NUMBERS.
R  INDICATES RECORD WAS SET OR TIED.
MM INDICATES DATA IS MISSING.
T  INDICATES TRACE AMOUNT.




$$
