000
CDUS44 KLZK 222103
CLIPBF


CLIMATE REPORT
NATIONAL WEATHER SERVICE LITTLE ROCK AR
402 PM CDT TUE MAY 22 2018


...................................

...THE PINE BLUFF CLIMATE SUMMARY FOR MAY 22 2018...
VALID TODAY AS OF 0400 PM LOCAL TIME.

CLIMATE NORMAL PERIOD 1981 TO 2010
CLIMATE RECORD PERIOD 1883 TO 2018


WEATHER ITEM   OBSERVED TIME   RECORD YEAR NORMAL DEPARTURE LAST
                VALUE   (LST)  VALUE       VALUE  FROM      YEAR
                                                  NORMAL
..................................................................
TEMPERATURE (F)
 TODAY
  MAXIMUM         88    238 PM  97    1902  83      5       68
  MINIMUM         67    526 AM  46    1892  63      4       58
  AVERAGE         78                        73      5       63

PRECIPITATION (IN)
  TODAY            0.00          2.06 1884   0.15  -0.15      T
  MONTH TO DATE    2.16                      3.63  -1.47     5.97
  SINCE MAR 1     15.98                     13.96   2.02    16.41
  SINCE JAN 1     33.80                     21.78  12.02    22.71

SNOWFALL (IN)
  TODAY            0.0          MM      MM   0.0    0.0      0.0
  MONTH TO DATE    0.0                       0.0    0.0      0.0
  SINCE MAR 1      T                         0.0    0.0      0.0
  SINCE JUL 1      4.1                       3.1    1.0      1.5
  SNOW DEPTH       0

DEGREE DAYS
 HEATING
  TODAY            0                         0      0        2
  MONTH TO DATE    0                        15    -15       22
  SINCE MAR 1    486                       491     -5      321
  SINCE JUL 1   2900                      2879     21     2032

 COOLING
  TODAY           13                         9      4        0
  MONTH TO DATE  249                       133    116      111
  SINCE MAR 1    289                       217     72      249
  SINCE JAN 1    305                       220     85      270
..................................................................


WIND (MPH)
  HIGHEST WIND SPEED     8   HIGHEST WIND DIRECTION    NE (40)
  HIGHEST GUST SPEED    10   HIGHEST GUST DIRECTION     N (10)
  AVERAGE WIND SPEED     1.5


SKY COVER
  POSSIBLE SUNSHINE  MM
  AVERAGE SKY COVER 0.2


WEATHER CONDITIONS
 THE FOLLOWING WEATHER WAS RECORDED TODAY.
  FOG


RELATIVE HUMIDITY (PERCENT)
 HIGHEST   100           100 AM
 LOWEST     55           200 PM
 AVERAGE    78

..........................................................


THE PINE BLUFF CLIMATE NORMALS FOR TOMORROW
                         NORMAL    RECORD    YEAR
 MAXIMUM TEMPERATURE (F)   84        98      1918
 MINIMUM TEMPERATURE (F)   63        48      1963


SUNRISE AND SUNSET
MAY 22 2018...........SUNRISE   601 AM CDT   SUNSET   808 PM CDT
MAY 23 2018...........SUNRISE   601 AM CDT   SUNSET   809 PM CDT


-  INDICATES NEGATIVE NUMBERS.
R  INDICATES RECORD WAS SET OR TIED.
MM INDICATES DATA IS MISSING.
T  INDICATES TRACE AMOUNT.




$$
