802
CDUS42 KMFL 200933
CLIPBI


CLIMATE REPORT
NATIONAL WEATHER SERVICE MIAMI, FL
523 AM EDT SUN MAY 20 2018


...................................

...THE WEST PALM BEACH CLIMATE SUMMARY FOR MAY 19 2018...

CLIMATE NORMAL PERIOD 1981 TO 2010
CLIMATE RECORD PERIOD 1888 TO 2018


WEATHER ITEM   OBSERVED TIME   RECORD YEAR NORMAL DEPARTURE LAST
                VALUE   (LST)  VALUE       VALUE  FROM      YEAR
                                                  NORMAL
..................................................................
TEMPERATURE (F)
 YESTERDAY
  MAXIMUM         77    713 AM  94    2008  86     -9       87
  MINIMUM         70    536 PM  55    1917  72     -2       74
  AVERAGE         74                        79     -5       81

PRECIPITATION (IN)
  YESTERDAY        1.56          3.07 1915   0.17   1.39     0.24
  MONTH TO DATE    6.76                      2.11   4.65     1.43
  SINCE NOV 1     22.91                     24.44  -1.53    14.70
  SINCE JAN 1     19.47                     16.31   3.16    10.23

SNOWFALL (IN)
  YESTERDAY        0.0
  MONTH TO DATE    0.0
  SINCE MAR 1      0.0
  SINCE JUL 1      0.0
  SNOW DEPTH       0

DEGREE DAYS
 HEATING
  YESTERDAY        0                         0      0        0
  MONTH TO DATE    0                         0      0        0
  SINCE MAR 1     39                        28     11       16
  SINCE JUL 1    179                       233    -54       68

 COOLING
  YESTERDAY        9                        14     -5       16
  MONTH TO DATE  233                       236     -3      250
  SINCE MAR 1    661                       696    -35      783
  SINCE JAN 1   1067                       931    136     1123
..................................................................


WIND (MPH)
  HIGHEST WIND SPEED    28   HIGHEST WIND DIRECTION    SW (210)
  HIGHEST GUST SPEED    36   HIGHEST GUST DIRECTION     S (160)
  AVERAGE WIND SPEED     6.1


SKY COVER
  AVERAGE SKY COVER 0.9


WEATHER CONDITIONS
 THE FOLLOWING WEATHER WAS RECORDED YESTERDAY.
  HEAVY RAIN
  RAIN
  LIGHT RAIN
  FOG


RELATIVE HUMIDITY (PERCENT)
 HIGHEST   100
 LOWEST     84
 AVERAGE    92

..........................................................


THE WEST PALM BEACH CLIMATE NORMALS FOR TODAY
                         NORMAL    RECORD    YEAR
 MAXIMUM TEMPERATURE (F)   86        97      2008
 MINIMUM TEMPERATURE (F)   72        58      1979
                                             1917


SUNRISE AND SUNSET
MAY 20 2018...........SUNRISE   631 AM EDT   SUNSET   804 PM EDT
MAY 21 2018...........SUNRISE   630 AM EDT   SUNSET   804 PM EDT


-  INDICATES NEGATIVE NUMBERS.
R  INDICATES RECORD WAS SET OR TIED.
MM INDICATES DATA IS MISSING.
T  INDICATES TRACE AMOUNT.




$$
