000
CDUS41 KPBZ 212111
CLIPHD


CLIMATE REPORT
NATIONAL WEATHER SERVICE PITTSBURGH PA
511 PM EDT MON MAY 21 2018


...................................

...THE NEW PHILADELPHIA OH CLIMATE SUMMARY FOR MAY 21 2018...
VALID TODAY AS OF 0500 PM LOCAL TIME.

CLIMATE NORMAL PERIOD 1981 TO 2010
CLIMATE RECORD PERIOD 1948 TO 2018


WEATHER ITEM   OBSERVED TIME   RECORD YEAR NORMAL DEPARTURE LAST
                VALUE   (LST)  VALUE       VALUE  FROM      YEAR
                                                  NORMAL
..................................................................
TEMPERATURE (F)
 TODAY
  MAXIMUM         82    359 PM  91    1962  73      9       72
  MINIMUM         56    555 AM  30    2002  49      7       63
  AVERAGE         69                        61      8       68

PRECIPITATION (IN)
  TODAY            0.00          1.57 2004   0.15  -0.15     0.18
  MONTH TO DATE    1.25                      2.68  -1.43     4.08
  SINCE JUN 1     36.53                     37.41  -0.88    39.92
  SINCE JAN 1     16.01                     14.11   1.90    19.34

DEGREE DAYS
 HEATING
  TODAY            0                         5     -5        0
  MONTH TO DATE   19                       153   -134      153
  SINCE MAR 1   1496                      1361    135     1171
  SINCE JUL 1   5586                      5568     18     4668

 COOLING
  TODAY            4                         2      2        3
  MONTH TO DATE   63                        13     50       26
  SINCE MAR 1     71                        20     51       51
  SINCE JAN 1     76                        20     56       51
..................................................................


WIND (MPH)
  HIGHEST WIND SPEED    10   HIGHEST WIND DIRECTION     E (100)
  HIGHEST GUST SPEED    14   HIGHEST GUST DIRECTION    SE (130)
  AVERAGE WIND SPEED     3.8


SKY COVER
  POSSIBLE SUNSHINE  MM
  AVERAGE SKY COVER 0.0


WEATHER CONDITIONS
 THE FOLLOWING WEATHER WAS RECORDED TODAY.
  NO SIGNIFICANT WEATHER WAS OBSERVED.


RELATIVE HUMIDITY (PERCENT)
 HIGHEST   100           600 AM
 LOWEST     48           100 PM
 AVERAGE    74

..........................................................


THE NEW PHILADELPHIA OH CLIMATE NORMALS FOR TOMORROW
                         NORMAL    RECORD    YEAR
 MAXIMUM TEMPERATURE (F)   74        89      1977
                                             1975
 MINIMUM TEMPERATURE (F)   50        31      2002


SUNRISE AND SUNSET
MAY 21 2018...........SUNRISE   604 AM EDT   SUNSET   841 PM EDT
MAY 22 2018...........SUNRISE   603 AM EDT   SUNSET   842 PM EDT


-  INDICATES NEGATIVE NUMBERS.
R  INDICATES RECORD WAS SET OR TIED.
MM INDICATES DATA IS MISSING.
T  INDICATES TRACE AMOUNT.




$$
