000
CDUS43 KUNR 220833
CLIPHP


CLIMATE REPORT
NATIONAL WEATHER SERVICE RAPID CITY SD
231 AM MDT SUN APR 22 2018


...................................

...THE PHILIP SD CLIMATE SUMMARY FOR APRIL 21 2018...

CLIMATE NORMAL PERIOD 1981 TO 2010
CLIMATE RECORD PERIOD 9999 TO 9999


WEATHER ITEM   OBSERVED TIME   NORMAL DEPARTURE LAST
                VALUE   (LST)  VALUE  FROM      YEAR
                                      NORMAL
......................................................
TEMPERATURE (F)
 YESTERDAY
  MAXIMUM         51    442 PM  62    -11       61
  MINIMUM         35   1159 PM  34      1       38
  AVERAGE         43            48     -5       50

PRECIPITATION (IN)
  YESTERDAY        0.02          0.07  -0.05     0.00
  MONTH TO DATE    0.90          1.08  -0.18     1.50
  SINCE MAR 1      2.62          2.35   0.27     2.30
  SINCE JAN 1      4.05          3.13   0.92     3.37

DEGREE DAYS
 HEATING
  YESTERDAY       22            17      5       15
  MONTH TO DATE  645           428    217      327
  SINCE MAR 1   1664          1366    298     1140
  SINCE JUL 1   7204          6731    473     6200

 COOLING
  YESTERDAY        0             0      0        0
  MONTH TO DATE    0             0      0        0
  SINCE MAR 1      0             0      0        0
  SINCE JAN 1      0             0      0        0
......................................................


WIND (MPH)
  HIGHEST WIND SPEED    22   HIGHEST WIND DIRECTION     S (160)
  HIGHEST GUST SPEED    25   HIGHEST GUST DIRECTION     S (160)
  AVERAGE WIND SPEED     9.2


SKY COVER
  AVERAGE SKY COVER 0.6


WEATHER CONDITIONS
 THE FOLLOWING WEATHER WAS RECORDED YESTERDAY.
  LIGHT RAIN
  FOG
  FOG W/VISIBILITY <= 1/4 MILE


RELATIVE HUMIDITY (PERCENT)
 HIGHEST   100           200 AM
 LOWEST     66           500 PM
 AVERAGE    83

..........................................................




SUNRISE AND SUNSET
APRIL 22 2018.........SUNRISE   552 AM MDT   SUNSET   739 PM MDT
APRIL 23 2018.........SUNRISE   550 AM MDT   SUNSET   740 PM MDT


-  INDICATES NEGATIVE NUMBERS.
R  INDICATES RECORD WAS SET OR TIED.
MM INDICATES DATA IS MISSING.
T  INDICATES TRACE AMOUNT.




$$
