000
CDUS45 KPSR 230817
CLIPHX

CLIMATE REPORT
NATIONAL WEATHER SERVICE PHOENIX AZ
117 AM MST MON APR 23 2018


...................................

...THE PHOENIX AZ CLIMATE SUMMARY FOR APRIL 22 2018...

CLIMATE NORMAL PERIOD 1981 TO 2010
CLIMATE RECORD PERIOD 1895 TO 2018


WEATHER ITEM   OBSERVED TIME   RECORD YEAR NORMAL DEPARTURE LAST
                VALUE   (LST)  VALUE       VALUE  FROM      YEAR
                                                  NORMAL
..................................................................
TEMPERATURE (F)
 YESTERDAY
  MAXIMUM         94    253 PM 105    2012  87      7       96
  MINIMUM         63    613 AM  39    1904  62      1       65
  AVERAGE         79                        75      4       81

PRECIPITATION (IN)
  YESTERDAY        0.00          0.90 1908   0.01  -0.01     0.00
  MONTH TO DATE    0.00                      0.25  -0.25      T
  SINCE OCT 1      1.00                      5.18  -4.18     4.23
  SINCE JAN 1      0.77                      3.07  -2.30     2.40

SNOWFALL (IN)
  YESTERDAY        0.0
  MONTH TO DATE    0.0
  SINCE JAN 1      0.0
  SINCE JUL 1      0.0
  SNOW DEPTH       0

DEGREE DAYS
 HEATING
  YESTERDAY        0                         0      0        0
  MONTH TO DATE    0                        17    -17        2
  SINCE MAR 1     35                        98    -63       25
  SINCE JUL 1    499                       931   -432      693

 COOLING
  YESTERDAY       14                        10      4       16
  MONTH TO DATE  239                       161     78      220
  SINCE MAR 1    339                       248     91      425
  SINCE JAN 1    361                       265     96      445
..................................................................


WIND (MPH)
  HIGHEST WIND SPEED    15   HIGHEST WIND DIRECTION     W (280)
  HIGHEST GUST SPEED    21   HIGHEST GUST DIRECTION    NW (330)
  AVERAGE WIND SPEED     5.4


SKY COVER
  AVERAGE SKY COVER 0.5


WEATHER CONDITIONS
 THE FOLLOWING WEATHER WAS RECORDED YESTERDAY.
  NO SIGNIFICANT WEATHER WAS OBSERVED.


RELATIVE HUMIDITY (PERCENT)
 HIGHEST    34           400 AM
 LOWEST      9           300 PM
 AVERAGE    22

..........................................................


THE PHOENIX AZ CLIMATE NORMALS FOR TODAY
                         NORMAL    RECORD    YEAR
 MAXIMUM TEMPERATURE (F)   87       103      2012
 MINIMUM TEMPERATURE (F)   62        40      1923


SUNRISE AND SUNSET
APRIL 23 2018.........SUNRISE   548 AM MST   SUNSET   705 PM MST
APRIL 24 2018.........SUNRISE   547 AM MST   SUNSET   706 PM MST


-  INDICATES NEGATIVE NUMBERS.
R  INDICATES RECORD WAS SET OR TIED.
MM INDICATES DATA IS MISSING.
T  INDICATES TRACE AMOUNT.

&&
.....................................................................

DEW POINT
  HIGHEST DEW POINT    38
   LOWEST DEW POINT    23
  AVERAGE DEW POINT    29
.....................................................................

$$
