000
CDUS41 KRLX 280723
CLIPKB


CLIMATE REPORT
NATIONAL WEATHER SERVICE CHARLESTON WV
323 AM EDT MON MAY 28 2018


...................................

...THE PARKERSBURG WV CLIMATE SUMMARY FOR MAY 27 2018...

CLIMATE NORMAL PERIOD 1981 TO 2010
CLIMATE RECORD PERIOD 1889 TO 2018


WEATHER ITEM   OBSERVED TIME   RECORD YEAR NORMAL DEPARTURE LAST
                VALUE   (LST)  VALUE       VALUE  FROM      YEAR
                                                  NORMAL
..................................................................
TEMPERATURE (F)
 YESTERDAY
  MAXIMUM         87    251 PM  91    2012  77     10       79
  MINIMUM         67    514 AM  38    1983  54     13       58
                                      1961
                                      1949
  AVERAGE         77                        65     12       69

PRECIPITATION (IN)
  YESTERDAY        T             1.62 1968   0.15  -0.15     0.28
  MONTH TO DATE    4.25                      3.71   0.54     2.57
  SINCE JAN 1     23.12                     16.36   6.76    20.57

SNOWFALL (IN)
  YESTERDAY       MM
  MONTH TO DATE    0.0
  SINCE SEP 1      0.0
  SNOW DEPTH      MM

DEGREE DAYS
 HEATING
  YESTERDAY        0                         3     -3        0
  MONTH TO DATE   10                       137   -127      125
  SINCE MAR 1   1282                      1153    129      944
  SINCE JUL 1   4937                      4943     -6     3975

 COOLING
  YESTERDAY       12                         3      9        4
  MONTH TO DATE  161                        49    112       56
  SINCE MAR 1    181                        70    111       95
  SINCE JAN 1    187                        70    117       99
..................................................................


WIND (MPH)
  HIGHEST WIND SPEED    12   HIGHEST WIND DIRECTION    NW (320)
  HIGHEST GUST SPEED    14   HIGHEST GUST DIRECTION    NW (310)
  AVERAGE WIND SPEED     3.0


SKY COVER
  POSSIBLE SUNSHINE  MM
  AVERAGE SKY COVER 0.3


WEATHER CONDITIONS
 THE FOLLOWING WEATHER WAS RECORDED YESTERDAY.
  FOG


RELATIVE HUMIDITY (PERCENT)
 HIGHEST   100           400 AM
 LOWEST     51           300 PM
 AVERAGE    76

..........................................................


THE PARKERSBURG WV CLIMATE NORMALS FOR TODAY
                         NORMAL    RECORD    YEAR
 MAXIMUM TEMPERATURE (F)   77        92      1941
                                             1931
 MINIMUM TEMPERATURE (F)   54        36      1994


SUNRISE AND SUNSET
MAY 28 2018...........SUNRISE   603 AM EDT   SUNSET   844 PM EDT
MAY 29 2018...........SUNRISE   602 AM EDT   SUNSET   844 PM EDT


-  INDICATES NEGATIVE NUMBERS.
R  INDICATES RECORD WAS SET OR TIED.
MM INDICATES DATA IS MISSING.
T  INDICATES TRACE AMOUNT.




$$
