000
CDUS46 KLOX 210915
CLIPRB


CLIMATE REPORT
NATIONAL WEATHER SERVICE LOS ANGELES/OXNARD CA
215 AM PDT MON MAY 21 2018


...................................

...THE PASO ROBLES AIRPORT CA CLIMATE SUMMARY FOR MAY 20 2018...

CLIMATE NORMAL PERIOD 1981 TO 2010
CLIMATE RECORD PERIOD 1948 TO 2018


WEATHER ITEM   OBSERVED TIME   RECORD YEAR NORMAL DEPARTURE LAST
                VALUE   (LST)  VALUE       VALUE  FROM      YEAR
                                                  NORMAL
..................................................................
TEMPERATURE (F)
 YESTERDAY
  MAXIMUM         78    200 PM 103    2000  82     -4       96
  MINIMUM         50   1159 PM  34    1974  47      3       47
  AVERAGE         64                        64      0       72

PRECIPITATION (IN)
  YESTERDAY        0.00          0.13 2002   0.01  -0.01     0.00
  MONTH TO DATE    0.00                      0.21  -0.21     0.18
  SINCE OCT 1      9.62                     12.38  -2.76    16.14
  SINCE JAN 1      9.35                      8.72   0.63    12.46

SNOWFALL (IN)
  YESTERDAY        0.0
  MONTH TO DATE    0.0
  SINCE MAR 1      0.0
  SINCE JUL 1      0.0

DEGREE DAYS
 HEATING
  YESTERDAY        1                         3     -2        0
  MONTH TO DATE   62                        82    -20       61
  SINCE MAR 1    599                       701   -102      512
  SINCE JUL 1   2300                      2794   -494     2313

 COOLING
  YESTERDAY        0                         2     -2        7
  MONTH TO DATE   25                        30     -5       41
  SINCE MAR 1     29                        39    -10       42
  SINCE JAN 1     29                        39    -10       42
..................................................................


WIND (MPH)
  HIGHEST WIND SPEED    21   HIGHEST WIND DIRECTION    NW (300)
  HIGHEST GUST SPEED    25   HIGHEST GUST DIRECTION    NW (310)
  AVERAGE WIND SPEED    13.0


SKY COVER
  POSSIBLE SUNSHINE  MM
  AVERAGE SKY COVER 0.3


WEATHER CONDITIONS
 THE FOLLOWING WEATHER WAS RECORDED YESTERDAY.
  NO SIGNIFICANT WEATHER WAS OBSERVED.


RELATIVE HUMIDITY (PERCENT)
 HIGHEST    86          1200 AM
 LOWEST     29           200 PM
 AVERAGE    58

..........................................................


THE PASO ROBLES AIRPORT CA CLIMATE NORMALS FOR TODAY
                         NORMAL    RECORD    YEAR
 MAXIMUM TEMPERATURE (F)   82       106      2000
 MINIMUM TEMPERATURE (F)   47        36      1975


SUNRISE AND SUNSET
MAY 21 2018...........SUNRISE   553 AM PDT   SUNSET   805 PM PDT
MAY 22 2018...........SUNRISE   553 AM PDT   SUNSET   806 PM PDT


-  INDICATES NEGATIVE NUMBERS.
R  INDICATES RECORD WAS SET OR TIED.
MM INDICATES DATA IS MISSING.
T  INDICATES TRACE AMOUNT.




$$
